{"id":417,"date":"2021-10-27T16:48:50","date_gmt":"2021-10-27T14:48:50","guid":{"rendered":"https:\/\/www.famigliapaolina.net\/preghierapaolina\/?post_type=le-liturgie&#038;p=417"},"modified":"2021-11-17T10:35:56","modified_gmt":"2021-11-17T09:35:56","slug":"ora-media","status":"publish","type":"le-liturgie","link":"https:\/\/www.famigliapaolina.net\/preghierapaolina\/le-liturgie\/29-settembre-santi-arcangeli-michele-gabriele-e-raffaele\/ora-media\/","title":{"rendered":"Ora media"},"content":{"rendered":"<p><a href=\"https:\/\/www.famigliapaolina.net\/preghierapaolina\/inni-per-lora-media\/\"><span style=\"color: #800000;\">Inni (p.<\/span> 171<span style=\"color: #800000;\">).<\/span><\/a><\/p>\n<p><span style=\"color: #800000;\">Salmodia della feria. Nei luoghi dove \u00e8 celebrata come so\u00adlennit\u00e0 si dice<a href=\"https:\/\/www.famigliapaolina.net\/preghierapaolina\/salmodia-per-lora-media-delle-solennita-in-domenica\/\"> il salmo 117 (p.<\/a><\/span> 174<span style=\"color: #800000;\">).<\/span><\/p>\n<p>&nbsp;<\/p>\n<h4>TERZA<\/h4>\n<p>&nbsp;<\/p>\n<p><em><span style=\"color: #800000;\">Ant. <\/span><\/em><span style=\"font-size: inherit;\">Michele, uno dei pi\u00f9 vicini a Dio, mi \u00e8 venuto in aiuto.<\/span><\/p>\n<p>&nbsp;<\/p>\n<p><strong><span style=\"color: #800000;\">Lettura breve\u00a0<\/span><\/strong><br \/>\n<span style=\"color: #800000;\">Dn 12,1<\/span><\/p>\n<p>In quel giorno sorger\u00e0 Michele, il gran principe, che vi\u00adgila sui figli del tuo popolo. Vi sar\u00e0 un tempo di ango\u00adscia, come non c&#8217;era mai stato dal sorgere delle nazioni fino a quel tempo; in quel tempo sar\u00e0 salvato il tuo po\u00adpolo, chiunque si trover\u00e0 scritto nel libro.<\/p>\n<p><span style=\"color: #800000;\">V\/.<\/span> Dio mander\u00e0 i suoi angeli con una tromba dalla voce potente:<br \/>\n<span style=\"color: #800000;\">R\/.<\/span> e dai quattro venti raduneranno tutti i suoi eletti.<\/p>\n<p>&nbsp;<\/p>\n<h4>SESTA<\/h4>\n<p>&nbsp;<\/p>\n<p><em><span style=\"color: #800000;\">Ant.<\/span> <\/em>L&#8217;angelo Gabriele\u00a0venne a me, e mi istruiva.<\/p>\n<p>&nbsp;<\/p>\n<p><span style=\"color: #800000;\"><strong>Lettura breve\u00a0<\/strong><\/span><br \/>\n<span style=\"color: #800000;\">Dn 9,22-23<\/span><\/p>\n<p>L&#8217;angelo Gabriele mi rivolse questo discorso: \u00abDaniele, sono venuto per istruirti e farti comprendere. Fin dall&#8217;inizio delle tue suppliche \u00e8 uscita una parola e io sono venuto per annunziartela, poich\u00e9 tu sei un uomo prediletto. Ora sta&#8217; attento alla parola e comprendi la vi\u00adsione\u00bb.<\/p>\n<p><span style=\"color: #800000;\">V\/.<\/span> Benedite il Signore, suoi angeli,<br \/>\n<span style=\"color: #800000;\">R\/.<\/span> pronti alla voce della sua parola.<\/p>\n<p>&nbsp;<\/p>\n<h4>NONA<\/h4>\n<p>&nbsp;<\/p>\n<p><span style=\"color: #800000;\"><em>Ant.<\/em> <\/span>L&#8217;angelo Raffaele fu inviato a Tobia e a Sara per guarirli.<\/p>\n<p>&nbsp;<\/p>\n<p><strong><span style=\"color: #800000;\">Lettura breve\u00a0<\/span><\/strong><br \/>\n<span style=\"color: #800000;\">Tb 12,15a. 18a.20<\/span><\/p>\n<p>Io sono Raffaele, uno dei sette angeli che sono sempre pronti ad entrare alla presenza della maest\u00e0 del Signore. Quando ero con voi, io non stavo con voi per mia iniziati\u00adva, ma per la volont\u00e0 di Dio: lui dovete benedire sempre, a lui cantate inni. Voi benedite il Signore sulla terra e rende\u00adte grazie a Dio. Io ritorno a colui che mi ha mandato.<\/p>\n<p><span style=\"color: #800000;\">V\/.<\/span> \u00a0Dio comanda ai suoi angeli<br \/>\n<span style=\"color: #800000;\">R\/.<\/span> di custodirti in ogni tua via.<\/p>\n<p>&nbsp;<\/p>\n<p><strong><span style=\"color: #800000;\">Orazione<\/span><\/strong><\/p>\n<p>O Dio, che chiami gli angeli e gli uomini a cooperare al tuo disegno di salvezza, concedi a noi, pellegrini sulla terra, la protezione degli spiriti beati, che in cielo stan\u00adno davanti a te per servirti e contemplano la gloria del tuo volto. Per il nostro Signore.<\/p>\n<p>&nbsp;<\/p>\n<p><span style=\"color: #800000;\">V\/.<\/span>\u00a0Benediciamo il Signore,<\/p>\n<p><span style=\"color: #800000;\">R\/.<\/span>\u00a0Rendiamo grazie a Dio.<\/p>\n<p>&nbsp;<\/p>\n","protected":false},"featured_media":0,"parent":347,"menu_order":5,"template":"","acf":{"attachment_list":false,"hide_wp_ba":false,"acf_hide_title":false},"yoast_head":"<!-- This site is optimized with the Yoast SEO plugin v17.6 - https:\/\/yoast.com\/wordpress\/plugins\/seo\/ -->\n<title>Ora media - Preghiera Paolina<\/title>\n<meta name=\"robots\" content=\"index, follow, max-snippet:-1, max-image-preview:large, max-video-preview:-1\" \/>\n<link rel=\"canonical\" href=\"https:\/\/www.famigliapaolina.net\/preghierapaolina\/le-liturgie\/29-settembre-santi-arcangeli-michele-gabriele-e-raffaele\/ora-media\/\" \/>\n<meta property=\"og:locale\" content=\"it_IT\" \/>\n<meta property=\"og:type\" content=\"article\" \/>\n<meta property=\"og:title\" content=\"Ora media - Preghiera Paolina\" \/>\n<meta property=\"og:description\" content=\"Inni (p. 171). Salmodia della feria. Nei luoghi dove \u00e8 celebrata come so\u00adlennit\u00e0 si dice il salmo 117 (p. 174). &nbsp; TERZA &nbsp; Ant. Michele, uno dei pi\u00f9 vicini a Dio, mi \u00e8 venuto in aiuto. &nbsp; Lettura breve\u00a0 Dn 12,1 In quel giorno sorger\u00e0 Michele, il gran principe, che vi\u00adgila sui figli del tuo popolo. Vi sar\u00e0 un tempo di ango\u00adscia, come non c&#8217;era &hellip; Continua a leggere Ora media &raquo;\" \/>\n<meta property=\"og:url\" content=\"https:\/\/www.famigliapaolina.net\/preghierapaolina\/le-liturgie\/29-settembre-santi-arcangeli-michele-gabriele-e-raffaele\/ora-media\/\" \/>\n<meta property=\"og:site_name\" content=\"Preghiera Paolina\" \/>\n<meta property=\"article:modified_time\" content=\"2021-11-17T09:35:56+00:00\" \/>\n<meta name=\"twitter:card\" content=\"summary_large_image\" \/>\n<meta name=\"twitter:label1\" content=\"Tempo di lettura stimato\" \/>\n\t<meta name=\"twitter:data1\" content=\"2 minuti\" \/>\n<script type=\"application\/ld+json\" class=\"yoast-schema-graph\">{\"@context\":\"https:\/\/schema.org\",\"@graph\":[{\"@type\":\"WebSite\",\"@id\":\"https:\/\/www.famigliapaolina.net\/preghierapaolina\/#website\",\"url\":\"https:\/\/www.famigliapaolina.net\/preghierapaolina\/\",\"name\":\"Preghiera Paolina\",\"description\":\"\",\"potentialAction\":[{\"@type\":\"SearchAction\",\"target\":{\"@type\":\"EntryPoint\",\"urlTemplate\":\"https:\/\/www.famigliapaolina.net\/preghierapaolina\/?s={search_term_string}\"},\"query-input\":\"required name=search_term_string\"}],\"inLanguage\":\"it-IT\"},{\"@type\":\"WebPage\",\"@id\":\"https:\/\/www.famigliapaolina.net\/preghierapaolina\/le-liturgie\/29-settembre-santi-arcangeli-michele-gabriele-e-raffaele\/ora-media\/#webpage\",\"url\":\"https:\/\/www.famigliapaolina.net\/preghierapaolina\/le-liturgie\/29-settembre-santi-arcangeli-michele-gabriele-e-raffaele\/ora-media\/\",\"name\":\"Ora media - Preghiera Paolina\",\"isPartOf\":{\"@id\":\"https:\/\/www.famigliapaolina.net\/preghierapaolina\/#website\"},\"datePublished\":\"2021-10-27T14:48:50+00:00\",\"dateModified\":\"2021-11-17T09:35:56+00:00\",\"breadcrumb\":{\"@id\":\"https:\/\/www.famigliapaolina.net\/preghierapaolina\/le-liturgie\/29-settembre-santi-arcangeli-michele-gabriele-e-raffaele\/ora-media\/#breadcrumb\"},\"inLanguage\":\"it-IT\",\"potentialAction\":[{\"@type\":\"ReadAction\",\"target\":[\"https:\/\/www.famigliapaolina.net\/preghierapaolina\/le-liturgie\/29-settembre-santi-arcangeli-michele-gabriele-e-raffaele\/ora-media\/\"]}]},{\"@type\":\"BreadcrumbList\",\"@id\":\"https:\/\/www.famigliapaolina.net\/preghierapaolina\/le-liturgie\/29-settembre-santi-arcangeli-michele-gabriele-e-raffaele\/ora-media\/#breadcrumb\",\"itemListElement\":[{\"@type\":\"ListItem\",\"position\":1,\"name\":\"Home\",\"item\":\"https:\/\/www.famigliapaolina.net\/preghierapaolina\/\"},{\"@type\":\"ListItem\",\"position\":2,\"name\":\"Liturgie\",\"item\":\"https:\/\/www.famigliapaolina.net\/preghierapaolina\/le-liturgie\/\"},{\"@type\":\"ListItem\",\"position\":3,\"name\":\"29 settembre &#8211; SANTI ARCANGELI MICHELE, GABRIELE E RAFFAELE\",\"item\":\"https:\/\/www.famigliapaolina.net\/preghierapaolina\/le-liturgie\/29-settembre-santi-arcangeli-michele-gabriele-e-raffaele\/\"},{\"@type\":\"ListItem\",\"position\":4,\"name\":\"Ora media\"}]}]}<\/script>\n<!-- \/ Yoast SEO plugin. -->","yoast_head_json":{"title":"Ora media - Preghiera Paolina","robots":{"index":"index","follow":"follow","max-snippet":"max-snippet:-1","max-image-preview":"max-image-preview:large","max-video-preview":"max-video-preview:-1"},"canonical":"https:\/\/www.famigliapaolina.net\/preghierapaolina\/le-liturgie\/29-settembre-santi-arcangeli-michele-gabriele-e-raffaele\/ora-media\/","og_locale":"it_IT","og_type":"article","og_title":"Ora media - Preghiera Paolina","og_description":"Inni (p. 171). Salmodia della feria. Nei luoghi dove \u00e8 celebrata come so\u00adlennit\u00e0 si dice il salmo 117 (p. 174). &nbsp; TERZA &nbsp; Ant. Michele, uno dei pi\u00f9 vicini a Dio, mi \u00e8 venuto in aiuto. &nbsp; Lettura breve\u00a0 Dn 12,1 In quel giorno sorger\u00e0 Michele, il gran principe, che vi\u00adgila sui figli del tuo popolo. Vi sar\u00e0 un tempo di ango\u00adscia, come non c&#8217;era &hellip; Continua a leggere Ora media &raquo;","og_url":"https:\/\/www.famigliapaolina.net\/preghierapaolina\/le-liturgie\/29-settembre-santi-arcangeli-michele-gabriele-e-raffaele\/ora-media\/","og_site_name":"Preghiera Paolina","article_modified_time":"2021-11-17T09:35:56+00:00","twitter_card":"summary_large_image","twitter_misc":{"Tempo di lettura stimato":"2 minuti"},"schema":{"@context":"https:\/\/schema.org","@graph":[{"@type":"WebSite","@id":"https:\/\/www.famigliapaolina.net\/preghierapaolina\/#website","url":"https:\/\/www.famigliapaolina.net\/preghierapaolina\/","name":"Preghiera Paolina","description":"","potentialAction":[{"@type":"SearchAction","target":{"@type":"EntryPoint","urlTemplate":"https:\/\/www.famigliapaolina.net\/preghierapaolina\/?s={search_term_string}"},"query-input":"required name=search_term_string"}],"inLanguage":"it-IT"},{"@type":"WebPage","@id":"https:\/\/www.famigliapaolina.net\/preghierapaolina\/le-liturgie\/29-settembre-santi-arcangeli-michele-gabriele-e-raffaele\/ora-media\/#webpage","url":"https:\/\/www.famigliapaolina.net\/preghierapaolina\/le-liturgie\/29-settembre-santi-arcangeli-michele-gabriele-e-raffaele\/ora-media\/","name":"Ora media - Preghiera Paolina","isPartOf":{"@id":"https:\/\/www.famigliapaolina.net\/preghierapaolina\/#website"},"datePublished":"2021-10-27T14:48:50+00:00","dateModified":"2021-11-17T09:35:56+00:00","breadcrumb":{"@id":"https:\/\/www.famigliapaolina.net\/preghierapaolina\/le-liturgie\/29-settembre-santi-arcangeli-michele-gabriele-e-raffaele\/ora-media\/#breadcrumb"},"inLanguage":"it-IT","potentialAction":[{"@type":"ReadAction","target":["https:\/\/www.famigliapaolina.net\/preghierapaolina\/le-liturgie\/29-settembre-santi-arcangeli-michele-gabriele-e-raffaele\/ora-media\/"]}]},{"@type":"BreadcrumbList","@id":"https:\/\/www.famigliapaolina.net\/preghierapaolina\/le-liturgie\/29-settembre-santi-arcangeli-michele-gabriele-e-raffaele\/ora-media\/#breadcrumb","itemListElement":[{"@type":"ListItem","position":1,"name":"Home","item":"https:\/\/www.famigliapaolina.net\/preghierapaolina\/"},{"@type":"ListItem","position":2,"name":"Liturgie","item":"https:\/\/www.famigliapaolina.net\/preghierapaolina\/le-liturgie\/"},{"@type":"ListItem","position":3,"name":"29 settembre &#8211; SANTI ARCANGELI MICHELE, GABRIELE E RAFFAELE","item":"https:\/\/www.famigliapaolina.net\/preghierapaolina\/le-liturgie\/29-settembre-santi-arcangeli-michele-gabriele-e-raffaele\/"},{"@type":"ListItem","position":4,"name":"Ora media"}]}]}},"wpml_current_locale":"it_IT","wpml_translations":[{"locale":"es_ES","id":794,"post_title":"Hora Intermedia","href":"https:\/\/www.famigliapaolina.net\/preghierapaolina\/\/29-septiembre-santos-arcangeles-miguel-gabriel-y-rafael\/hora-intermedia\/?lang=es\/"}],"_links":{"self":[{"href":"https:\/\/www.famigliapaolina.net\/preghierapaolina\/wp-json\/wp\/v2\/le-liturgie\/417"}],"collection":[{"href":"https:\/\/www.famigliapaolina.net\/preghierapaolina\/wp-json\/wp\/v2\/le-liturgie"}],"about":[{"href":"https:\/\/www.famigliapaolina.net\/preghierapaolina\/wp-json\/wp\/v2\/types\/le-liturgie"}],"up":[{"embeddable":true,"href":"https:\/\/www.famigliapaolina.net\/preghierapaolina\/wp-json\/wp\/v2\/le-liturgie\/347"}],"wp:attachment":[{"href":"https:\/\/www.famigliapaolina.net\/preghierapaolina\/wp-json\/wp\/v2\/media?parent=417"}],"curies":[{"name":"wp","href":"https:\/\/api.w.org\/{rel}","templated":true}]}}

<p><a href="https://www.famigliapaolina.net/preghierapaolina/inni-per-lora-media/"><span style="color: #800000;">Inni (p.</span> 171<span style="color: #800000;">).</span></a></p>
<p><span style="color: #800000;">Salmodia della feria. Nei luoghi dove è celebrata come so­lennità si dice<a href="https://www.famigliapaolina.net/preghierapaolina/salmodia-per-lora-media-delle-solennita-in-domenica/"> il salmo 117 (p.</a></span> 174<span style="color: #800000;">).</span></p>
<p>&nbsp;</p>
<h4>TERZA</h4>
<p>&nbsp;</p>
<p><em><span style="color: #800000;">Ant. </span></em><span style="font-size: inherit;">Michele, uno dei più vicini a Dio, mi è venuto in aiuto.</span></p>
<p>&nbsp;</p>
<p><strong><span style="color: #800000;">Lettura breve </span></strong><br />
<span style="color: #800000;">Dn 12,1</span></p>
<p>In quel giorno sorgerà Michele, il gran principe, che vi­gila sui figli del tuo popolo. Vi sarà un tempo di ango­scia, come non c&#8217;era mai stato dal sorgere delle nazioni fino a quel tempo; in quel tempo sarà salvato il tuo po­polo, chiunque si troverà scritto nel libro.</p>
<p><span style="color: #800000;">V/.</span> Dio manderà i suoi angeli con una tromba dalla voce potente:<br />
<span style="color: #800000;">R/.</span> e dai quattro venti raduneranno tutti i suoi eletti.</p>
<p>&nbsp;</p>
<h4>SESTA</h4>
<p>&nbsp;</p>
<p><em><span style="color: #800000;">Ant.</span> </em>L&#8217;angelo Gabriele venne a me, e mi istruiva.</p>
<p>&nbsp;</p>
<p><span style="color: #800000;"><strong>Lettura breve </strong></span><br />
<span style="color: #800000;">Dn 9,22-23</span></p>
<p>L&#8217;angelo Gabriele mi rivolse questo discorso: «Daniele, sono venuto per istruirti e farti comprendere. Fin dall&#8217;inizio delle tue suppliche è uscita una parola e io sono venuto per annunziartela, poiché tu sei un uomo prediletto. Ora sta&#8217; attento alla parola e comprendi la vi­sione».</p>
<p><span style="color: #800000;">V/.</span> Benedite il Signore, suoi angeli,<br />
<span style="color: #800000;">R/.</span> pronti alla voce della sua parola.</p>
<p>&nbsp;</p>
<h4>NONA</h4>
<p>&nbsp;</p>
<p><span style="color: #800000;"><em>Ant.</em> </span>L&#8217;angelo Raffaele fu inviato a Tobia e a Sara per guarirli.</p>
<p>&nbsp;</p>
<p><strong><span style="color: #800000;">Lettura breve </span></strong><br />
<span style="color: #800000;">Tb 12,15a. 18a.20</span></p>
<p>Io sono Raffaele, uno dei sette angeli che sono sempre pronti ad entrare alla presenza della maestà del Signore. Quando ero con voi, io non stavo con voi per mia iniziati­va, ma per la volontà di Dio: lui dovete benedire sempre, a lui cantate inni. Voi benedite il Signore sulla terra e rende­te grazie a Dio. Io ritorno a colui che mi ha mandato.</p>
<p><span style="color: #800000;">V/.</span>  Dio comanda ai suoi angeli<br />
<span style="color: #800000;">R/.</span> di custodirti in ogni tua via.</p>
<p>&nbsp;</p>
<p><strong><span style="color: #800000;">Orazione</span></strong></p>
<p>O Dio, che chiami gli angeli e gli uomini a cooperare al tuo disegno di salvezza, concedi a noi, pellegrini sulla terra, la protezione degli spiriti beati, che in cielo stan­no davanti a te per servirti e contemplano la gloria del tuo volto. Per il nostro Signore.</p>
<p>&nbsp;</p>
<p><span style="color: #800000;">V/.</span> Benediciamo il Signore,</p>
<p><span style="color: #800000;">R/.</span> Rendiamo grazie a Dio.</p>
<p>&nbsp;</p>

<!-- This site is optimized with the Yoast SEO plugin v17.6 - https://yoast.com/wordpress/plugins/seo/ -->
<title>Ora media - Preghiera Paolina</title>
<meta name="robots" content="index, follow, max-snippet:-1, max-image-preview:large, max-video-preview:-1" />
<link rel="canonical" href="https://www.famigliapaolina.net/preghierapaolina/le-liturgie/29-settembre-santi-arcangeli-michele-gabriele-e-raffaele/ora-media/" />
<meta property="og:locale" content="it_IT" />
<meta property="og:type" content="article" />
<meta property="og:title" content="Ora media - Preghiera Paolina" />
<meta property="og:description" content="Inni (p. 171). Salmodia della feria. Nei luoghi dove è celebrata come so­lennità si dice il salmo 117 (p. 174). &nbsp; TERZA &nbsp; Ant. Michele, uno dei più vicini a Dio, mi è venuto in aiuto. &nbsp; Lettura breve  Dn 12,1 In quel giorno sorgerà Michele, il gran principe, che vi­gila sui figli del tuo popolo. Vi sarà un tempo di ango­scia, come non c&#8217;era &hellip; Continua a leggere Ora media &raquo;" />
<meta property="og:url" content="https://www.famigliapaolina.net/preghierapaolina/le-liturgie/29-settembre-santi-arcangeli-michele-gabriele-e-raffaele/ora-media/" />
<meta property="og:site_name" content="Preghiera Paolina" />
<meta property="article:modified_time" content="2021-11-17T09:35:56+00:00" />
<meta name="twitter:card" content="summary_large_image" />
<meta name="twitter:label1" content="Tempo di lettura stimato" />
	<meta name="twitter:data1" content="2 minuti" />
<script type="application/ld+json" class="yoast-schema-graph">{"@context":"https://schema.org","@graph":[{"@type":"WebSite","@id":"https://www.famigliapaolina.net/preghierapaolina/#website","url":"https://www.famigliapaolina.net/preghierapaolina/","name":"Preghiera Paolina","description":"","potentialAction":[{"@type":"SearchAction","target":{"@type":"EntryPoint","urlTemplate":"https://www.famigliapaolina.net/preghierapaolina/?s={search_term_string}"},"query-input":"required name=search_term_string"}],"inLanguage":"it-IT"},{"@type":"WebPage","@id":"https://www.famigliapaolina.net/preghierapaolina/le-liturgie/29-settembre-santi-arcangeli-michele-gabriele-e-raffaele/ora-media/#webpage","url":"https://www.famigliapaolina.net/preghierapaolina/le-liturgie/29-settembre-santi-arcangeli-michele-gabriele-e-raffaele/ora-media/","name":"Ora media - Preghiera Paolina","isPartOf":{"@id":"https://www.famigliapaolina.net/preghierapaolina/#website"},"datePublished":"2021-10-27T14:48:50+00:00","dateModified":"2021-11-17T09:35:56+00:00","breadcrumb":{"@id":"https://www.famigliapaolina.net/preghierapaolina/le-liturgie/29-settembre-santi-arcangeli-michele-gabriele-e-raffaele/ora-media/#breadcrumb"},"inLanguage":"it-IT","potentialAction":[{"@type":"ReadAction","target":["https://www.famigliapaolina.net/preghierapaolina/le-liturgie/29-settembre-santi-arcangeli-michele-gabriele-e-raffaele/ora-media/"]}]},{"@type":"BreadcrumbList","@id":"https://www.famigliapaolina.net/preghierapaolina/le-liturgie/29-settembre-santi-arcangeli-michele-gabriele-e-raffaele/ora-media/#breadcrumb","itemListElement":[{"@type":"ListItem","position":1,"name":"Home","item":"https://www.famigliapaolina.net/preghierapaolina/"},{"@type":"ListItem","position":2,"name":"Liturgie","item":"https://www.famigliapaolina.net/preghierapaolina/le-liturgie/"},{"@type":"ListItem","position":3,"name":"29 settembre &#8211; SANTI ARCANGELI MICHELE, GABRIELE E RAFFAELE","item":"https://www.famigliapaolina.net/preghierapaolina/le-liturgie/29-settembre-santi-arcangeli-michele-gabriele-e-raffaele/"},{"@type":"ListItem","position":4,"name":"Ora media"}]}]}</script>
<!-- / Yoast SEO plugin. -->

Inni (p. 171). Salmodia della feria. Nei luoghi dove è celebrata come so­lennità si dice il salmo 117 (p. 174). &nbsp; TERZA &nbsp; Ant. Michele, uno dei più vicini a Dio, mi è venuto in aiuto. &nbsp; Lettura breve  Dn 12,1 In quel giorno sorgerà Michele, il gran principe, che vi­gila sui figli del tuo popolo. Vi sarà un tempo di ango­scia, come non c&#8217;era &hellip; Continua a leggere Ora media &raquo;
