{"id":1657,"date":"2022-02-14T11:27:15","date_gmt":"2022-02-14T10:27:15","guid":{"rendered":"https:\/\/www.famigliapaolina.net\/preghierapaolina\/?post_type=le-preghiere&#038;p=1657"},"modified":"2022-02-23T08:49:37","modified_gmt":"2022-02-23T07:49:37","slug":"padre-nuestro","status":"publish","type":"le-preghiere","link":"https:\/\/www.famigliapaolina.net\/preghierapaolina\/le-preghiere\/oraciones-comunes\/por-la-manana\/padre-nuestro\/?lang=es","title":{"rendered":"Padre nuestro"},"content":{"rendered":"<p><span class='pagina-block pagina-17'><\/p>\n<p>Padre nuestro, que est\u00e1s en el cielo,<br \/>\nsantificado sea tu Nombre;<br \/>\nvenga a nosotros tu reino;<br \/>\nh\u00e1gase tu voluntad<br \/>\nen la tierra como en el cielo.<br \/>\nDanos hoy nuestro pan de cada d\u00eda;<br \/>\nperdona nuestras ofensas,<br \/>\ncomo tambi\u00e9n nosotros perdonamos<br \/>\na los que nos ofenden;<br \/>\nno nos dejes caer en la tentaci\u00f3n,<br \/>\ny l\u00edbranos del mal. Am\u00e9n.<\/p>\n<p><\/span> <a href='https:\/\/www.famigliapaolina.net\/preghierapaolina\/pagine\/17\/' class='go-to-page go-to-page-17'>p. 17<\/a><\/p>\n","protected":false},"featured_media":0,"parent":1652,"menu_order":3,"template":"","pagine":[20],"acf":{"acf_hide_title":false,"blocco_preghiera":[{"pagina_associata":"17","testo_per_pagina":"<p>Padre nuestro, que est\u00e1s en el cielo,<br \/>\nsantificado sea tu Nombre;<br \/>\nvenga a nosotros tu reino;<br \/>\nh\u00e1gase tu voluntad<br \/>\nen la tierra como en el cielo.<br \/>\nDanos hoy nuestro pan de cada d\u00eda;<br \/>\nperdona nuestras ofensas,<br \/>\ncomo tambi\u00e9n nosotros perdonamos<br \/>\na los que nos ofenden;<br \/>\nno nos dejes caer en la tentaci\u00f3n,<br \/>\ny l\u00edbranos del mal. Am\u00e9n.<\/p>\n"}],"attachment_list":false,"hide_wp_ba":false},"yoast_head":"<!-- This site is optimized with the Yoast SEO plugin v17.6 - https:\/\/yoast.com\/wordpress\/plugins\/seo\/ -->\n<title>Padre nuestro - Preghiera Paolina<\/title>\n<meta name=\"robots\" content=\"index, follow, max-snippet:-1, max-image-preview:large, max-video-preview:-1\" \/>\n<link rel=\"canonical\" href=\"https:\/\/www.famigliapaolina.net\/preghierapaolina\/le-preghiere\/oraciones-comunes\/por-la-manana\/padre-nuestro\/\" \/>\n<meta property=\"og:locale\" content=\"it_IT\" \/>\n<meta property=\"og:type\" content=\"article\" \/>\n<meta property=\"og:title\" content=\"Padre nuestro - Preghiera Paolina\" \/>\n<meta property=\"og:description\" content=\"Padre nuestro, que est\u00e1s en el cielo, santificado sea tu Nombre; venga a nosotros tu reino; h\u00e1gase tu voluntad en la tierra como en el cielo. Danos hoy nuestro pan de cada d\u00eda; perdona nuestras ofensas, como tambi\u00e9n nosotros perdonamos a los que nos ofenden; no nos dejes caer en la tentaci\u00f3n, y l\u00edbranos del mal. Am\u00e9n. p. 17\" \/>\n<meta property=\"og:url\" content=\"https:\/\/www.famigliapaolina.net\/preghierapaolina\/le-preghiere\/oraciones-comunes\/por-la-manana\/padre-nuestro\/?lang=es\" \/>\n<meta property=\"og:site_name\" content=\"Preghiera Paolina\" \/>\n<meta property=\"article:modified_time\" content=\"2022-02-23T07:49:37+00:00\" \/>\n<meta name=\"twitter:card\" content=\"summary_large_image\" \/>\n<script type=\"application\/ld+json\" class=\"yoast-schema-graph\">{\"@context\":\"https:\/\/schema.org\",\"@graph\":[{\"@type\":\"WebSite\",\"@id\":\"https:\/\/www.famigliapaolina.net\/preghierapaolina\/#website\",\"url\":\"https:\/\/www.famigliapaolina.net\/preghierapaolina\/\",\"name\":\"Preghiera Paolina\",\"description\":\"\",\"potentialAction\":[{\"@type\":\"SearchAction\",\"target\":{\"@type\":\"EntryPoint\",\"urlTemplate\":\"https:\/\/www.famigliapaolina.net\/preghierapaolina\/?s={search_term_string}\"},\"query-input\":\"required name=search_term_string\"}],\"inLanguage\":\"it-IT\"},{\"@type\":\"WebPage\",\"@id\":\"https:\/\/www.famigliapaolina.net\/preghierapaolina\/le-preghiere\/oraciones-comunes\/por-la-manana\/padre-nuestro\/?lang=es#webpage\",\"url\":\"https:\/\/www.famigliapaolina.net\/preghierapaolina\/le-preghiere\/oraciones-comunes\/por-la-manana\/padre-nuestro\/?lang=es\",\"name\":\"Padre nuestro - Preghiera Paolina\",\"isPartOf\":{\"@id\":\"https:\/\/www.famigliapaolina.net\/preghierapaolina\/#website\"},\"datePublished\":\"2022-02-14T10:27:15+00:00\",\"dateModified\":\"2022-02-23T07:49:37+00:00\",\"breadcrumb\":{\"@id\":\"https:\/\/www.famigliapaolina.net\/preghierapaolina\/le-preghiere\/oraciones-comunes\/por-la-manana\/padre-nuestro\/?lang=es#breadcrumb\"},\"inLanguage\":\"it-IT\",\"potentialAction\":[{\"@type\":\"ReadAction\",\"target\":[\"https:\/\/www.famigliapaolina.net\/preghierapaolina\/le-preghiere\/oraciones-comunes\/por-la-manana\/padre-nuestro\/?lang=es\"]}]},{\"@type\":\"BreadcrumbList\",\"@id\":\"https:\/\/www.famigliapaolina.net\/preghierapaolina\/le-preghiere\/oraciones-comunes\/por-la-manana\/padre-nuestro\/?lang=es#breadcrumb\",\"itemListElement\":[{\"@type\":\"ListItem\",\"position\":1,\"name\":\"Home\",\"item\":\"https:\/\/www.famigliapaolina.net\/preghierapaolina\/\"},{\"@type\":\"ListItem\",\"position\":2,\"name\":\"Preghiere\",\"item\":\"https:\/\/www.famigliapaolina.net\/preghierapaolina\/le-preghiere\/\"},{\"@type\":\"ListItem\",\"position\":3,\"name\":\"Oraciones comunes\",\"item\":\"https:\/\/www.famigliapaolina.net\/preghierapaolina\/le-preghiere\/preghiere-comuni\/\"},{\"@type\":\"ListItem\",\"position\":4,\"name\":\"Por la ma\\u00f1ana\",\"item\":\"https:\/\/www.famigliapaolina.net\/preghierapaolina\/le-preghiere\/preghiere-comuni\/al-mattino\/\"},{\"@type\":\"ListItem\",\"position\":5,\"name\":\"Padre nuestro\"}]}]}<\/script>\n<!-- \/ Yoast SEO plugin. -->","yoast_head_json":{"title":"Padre nuestro - Preghiera Paolina","robots":{"index":"index","follow":"follow","max-snippet":"max-snippet:-1","max-image-preview":"max-image-preview:large","max-video-preview":"max-video-preview:-1"},"canonical":"https:\/\/www.famigliapaolina.net\/preghierapaolina\/le-preghiere\/oraciones-comunes\/por-la-manana\/padre-nuestro\/","og_locale":"it_IT","og_type":"article","og_title":"Padre nuestro - Preghiera Paolina","og_description":"Padre nuestro, que est\u00e1s en el cielo, santificado sea tu Nombre; venga a nosotros tu reino; h\u00e1gase tu voluntad en la tierra como en el cielo. Danos hoy nuestro pan de cada d\u00eda; perdona nuestras ofensas, como tambi\u00e9n nosotros perdonamos a los que nos ofenden; no nos dejes caer en la tentaci\u00f3n, y l\u00edbranos del mal. Am\u00e9n. p. 17","og_url":"https:\/\/www.famigliapaolina.net\/preghierapaolina\/le-preghiere\/oraciones-comunes\/por-la-manana\/padre-nuestro\/?lang=es","og_site_name":"Preghiera Paolina","article_modified_time":"2022-02-23T07:49:37+00:00","twitter_card":"summary_large_image","schema":{"@context":"https:\/\/schema.org","@graph":[{"@type":"WebSite","@id":"https:\/\/www.famigliapaolina.net\/preghierapaolina\/#website","url":"https:\/\/www.famigliapaolina.net\/preghierapaolina\/","name":"Preghiera Paolina","description":"","potentialAction":[{"@type":"SearchAction","target":{"@type":"EntryPoint","urlTemplate":"https:\/\/www.famigliapaolina.net\/preghierapaolina\/?s={search_term_string}"},"query-input":"required name=search_term_string"}],"inLanguage":"it-IT"},{"@type":"WebPage","@id":"https:\/\/www.famigliapaolina.net\/preghierapaolina\/le-preghiere\/oraciones-comunes\/por-la-manana\/padre-nuestro\/?lang=es#webpage","url":"https:\/\/www.famigliapaolina.net\/preghierapaolina\/le-preghiere\/oraciones-comunes\/por-la-manana\/padre-nuestro\/?lang=es","name":"Padre nuestro - Preghiera Paolina","isPartOf":{"@id":"https:\/\/www.famigliapaolina.net\/preghierapaolina\/#website"},"datePublished":"2022-02-14T10:27:15+00:00","dateModified":"2022-02-23T07:49:37+00:00","breadcrumb":{"@id":"https:\/\/www.famigliapaolina.net\/preghierapaolina\/le-preghiere\/oraciones-comunes\/por-la-manana\/padre-nuestro\/?lang=es#breadcrumb"},"inLanguage":"it-IT","potentialAction":[{"@type":"ReadAction","target":["https:\/\/www.famigliapaolina.net\/preghierapaolina\/le-preghiere\/oraciones-comunes\/por-la-manana\/padre-nuestro\/?lang=es"]}]},{"@type":"BreadcrumbList","@id":"https:\/\/www.famigliapaolina.net\/preghierapaolina\/le-preghiere\/oraciones-comunes\/por-la-manana\/padre-nuestro\/?lang=es#breadcrumb","itemListElement":[{"@type":"ListItem","position":1,"name":"Home","item":"https:\/\/www.famigliapaolina.net\/preghierapaolina\/"},{"@type":"ListItem","position":2,"name":"Preghiere","item":"https:\/\/www.famigliapaolina.net\/preghierapaolina\/le-preghiere\/"},{"@type":"ListItem","position":3,"name":"Oraciones comunes","item":"https:\/\/www.famigliapaolina.net\/preghierapaolina\/le-preghiere\/preghiere-comuni\/"},{"@type":"ListItem","position":4,"name":"Por la ma\u00f1ana","item":"https:\/\/www.famigliapaolina.net\/preghierapaolina\/le-preghiere\/preghiere-comuni\/al-mattino\/"},{"@type":"ListItem","position":5,"name":"Padre nuestro"}]}]}},"wpml_current_locale":"es_ES","wpml_translations":[],"_links":{"self":[{"href":"https:\/\/www.famigliapaolina.net\/preghierapaolina\/wp-json\/wp\/v2\/le-preghiere\/1657"}],"collection":[{"href":"https:\/\/www.famigliapaolina.net\/preghierapaolina\/wp-json\/wp\/v2\/le-preghiere"}],"about":[{"href":"https:\/\/www.famigliapaolina.net\/preghierapaolina\/wp-json\/wp\/v2\/types\/le-preghiere"}],"up":[{"embeddable":true,"href":"https:\/\/www.famigliapaolina.net\/preghierapaolina\/wp-json\/wp\/v2\/le-preghiere\/1652"}],"wp:attachment":[{"href":"https:\/\/www.famigliapaolina.net\/preghierapaolina\/wp-json\/wp\/v2\/media?parent=1657"}],"wp:term":[{"taxonomy":"pagine","embeddable":true,"href":"https:\/\/www.famigliapaolina.net\/preghierapaolina\/wp-json\/wp\/v2\/pagine?post=1657"}],"curies":[{"name":"wp","href":"https:\/\/api.w.org\/{rel}","templated":true}]}}

<p><span class='pagina-block pagina-17'></p>
<p>Padre nuestro, que estás en el cielo,<br />
santificado sea tu Nombre;<br />
venga a nosotros tu reino;<br />
hágase tu voluntad<br />
en la tierra como en el cielo.<br />
Danos hoy nuestro pan de cada día;<br />
perdona nuestras ofensas,<br />
como también nosotros perdonamos<br />
a los que nos ofenden;<br />
no nos dejes caer en la tentación,<br />
y líbranos del mal. Amén.</p>
<p></span> <a href='https://www.famigliapaolina.net/preghierapaolina/pagine/17/' class='go-to-page go-to-page-17'>p. 17</a></p>

<p>Padre nuestro, que estás en el cielo,<br />
santificado sea tu Nombre;<br />
venga a nosotros tu reino;<br />
hágase tu voluntad<br />
en la tierra como en el cielo.<br />
Danos hoy nuestro pan de cada día;<br />
perdona nuestras ofensas,<br />
como también nosotros perdonamos<br />
a los que nos ofenden;<br />
no nos dejes caer en la tentación,<br />
y líbranos del mal. Amén.</p>

<!-- This site is optimized with the Yoast SEO plugin v17.6 - https://yoast.com/wordpress/plugins/seo/ -->
<title>Padre nuestro - Preghiera Paolina</title>
<meta name="robots" content="index, follow, max-snippet:-1, max-image-preview:large, max-video-preview:-1" />
<link rel="canonical" href="https://www.famigliapaolina.net/preghierapaolina/le-preghiere/oraciones-comunes/por-la-manana/padre-nuestro/" />
<meta property="og:locale" content="it_IT" />
<meta property="og:type" content="article" />
<meta property="og:title" content="Padre nuestro - Preghiera Paolina" />
<meta property="og:description" content="Padre nuestro, que estás en el cielo, santificado sea tu Nombre; venga a nosotros tu reino; hágase tu voluntad en la tierra como en el cielo. Danos hoy nuestro pan de cada día; perdona nuestras ofensas, como también nosotros perdonamos a los que nos ofenden; no nos dejes caer en la tentación, y líbranos del mal. Amén. p. 17" />
<meta property="og:url" content="https://www.famigliapaolina.net/preghierapaolina/le-preghiere/oraciones-comunes/por-la-manana/padre-nuestro/?lang=es" />
<meta property="og:site_name" content="Preghiera Paolina" />
<meta property="article:modified_time" content="2022-02-23T07:49:37+00:00" />
<meta name="twitter:card" content="summary_large_image" />
<script type="application/ld+json" class="yoast-schema-graph">{"@context":"https://schema.org","@graph":[{"@type":"WebSite","@id":"https://www.famigliapaolina.net/preghierapaolina/#website","url":"https://www.famigliapaolina.net/preghierapaolina/","name":"Preghiera Paolina","description":"","potentialAction":[{"@type":"SearchAction","target":{"@type":"EntryPoint","urlTemplate":"https://www.famigliapaolina.net/preghierapaolina/?s={search_term_string}"},"query-input":"required name=search_term_string"}],"inLanguage":"it-IT"},{"@type":"WebPage","@id":"https://www.famigliapaolina.net/preghierapaolina/le-preghiere/oraciones-comunes/por-la-manana/padre-nuestro/?lang=es#webpage","url":"https://www.famigliapaolina.net/preghierapaolina/le-preghiere/oraciones-comunes/por-la-manana/padre-nuestro/?lang=es","name":"Padre nuestro - Preghiera Paolina","isPartOf":{"@id":"https://www.famigliapaolina.net/preghierapaolina/#website"},"datePublished":"2022-02-14T10:27:15+00:00","dateModified":"2022-02-23T07:49:37+00:00","breadcrumb":{"@id":"https://www.famigliapaolina.net/preghierapaolina/le-preghiere/oraciones-comunes/por-la-manana/padre-nuestro/?lang=es#breadcrumb"},"inLanguage":"it-IT","potentialAction":[{"@type":"ReadAction","target":["https://www.famigliapaolina.net/preghierapaolina/le-preghiere/oraciones-comunes/por-la-manana/padre-nuestro/?lang=es"]}]},{"@type":"BreadcrumbList","@id":"https://www.famigliapaolina.net/preghierapaolina/le-preghiere/oraciones-comunes/por-la-manana/padre-nuestro/?lang=es#breadcrumb","itemListElement":[{"@type":"ListItem","position":1,"name":"Home","item":"https://www.famigliapaolina.net/preghierapaolina/"},{"@type":"ListItem","position":2,"name":"Preghiere","item":"https://www.famigliapaolina.net/preghierapaolina/le-preghiere/"},{"@type":"ListItem","position":3,"name":"Oraciones comunes","item":"https://www.famigliapaolina.net/preghierapaolina/le-preghiere/preghiere-comuni/"},{"@type":"ListItem","position":4,"name":"Por la ma\u00f1ana","item":"https://www.famigliapaolina.net/preghierapaolina/le-preghiere/preghiere-comuni/al-mattino/"},{"@type":"ListItem","position":5,"name":"Padre nuestro"}]}]}</script>
<!-- / Yoast SEO plugin. -->

Padre nuestro, que estás en el cielo, santificado sea tu Nombre; venga a nosotros tu reino; hágase tu voluntad en la tierra como en el cielo. Danos hoy nuestro pan de cada día; perdona nuestras ofensas, como también nosotros perdonamos a los que nos ofenden; no nos dejes caer en la tentación, y líbranos del mal. Amén. p. 17

Por la mañana
