{"id":1694,"date":"2022-02-14T16:49:01","date_gmt":"2022-02-14T15:49:01","guid":{"rendered":"https:\/\/www.famigliapaolina.net\/preghierapaolina\/?post_type=le-preghiere&#038;p=1694"},"modified":"2022-02-25T09:19:54","modified_gmt":"2022-02-25T08:19:54","slug":"ofertorio-pastoral","status":"publish","type":"le-preghiere","link":"https:\/\/www.famigliapaolina.net\/preghierapaolina\/le-preghiere\/celebracion-de-la-eucaristia\/ofertorio-pastoral\/?lang=es","title":{"rendered":"Ofertorio pastoral"},"content":{"rendered":"<p><span class='pagina-block pagina-43'><\/p>\n<p><em>(Hermanas Pastorcitas)<\/em><\/p>\n<p>Padre, en comuni\u00f3n con toda la Iglesia,<br \/>\nque hoy celebra el misterio de la redenci\u00f3n,<br \/>\nte ofrezco a Jes\u00fas-eucarist\u00eda<br \/>\ny a m\u00ed misma, como humilde v\u00edctima:<\/p>\n<p>Para reparar todas las ofensas<br \/>\na Jes\u00fas, buen Pastor,<br \/>\nviviente en la persona del Papa,<br \/>\nde los obispos y sacerdotes.<\/p>\n<p>Para pedirte misericordia<br \/>\npor todas las ovejas<br \/>\nque se han alejado del verdadero reba\u00f1o<br \/>\no andan todav\u00eda dispersas<br \/>\ncomo ovejas sin pastor.<\/p>\n<p><\/span> <a href='https:\/\/www.famigliapaolina.net\/preghierapaolina\/pagine\/43\/' class='go-to-page go-to-page-43'>p. 43<\/a><span class='pagina-block pagina-44'><\/p>\n<p>Por la conversi\u00f3n de los falsos pastores,<br \/>\nque apartan a los hombres de Jes\u00fas,<br \/>\nbuen Pastor, que da la vida por las ovejas.<\/p>\n<p>Para que honremos, amemos y sigamos<br \/>\nsolo a Jes\u00fas, camino, verdad y vida.<\/p>\n<p>Para que cooperemos con los pastores<br \/>\nen la tarea de iluminar, guiar e interceder<br \/>\npor la salvaci\u00f3n de los hombres.<\/p>\n<p>Para pedirte que todos los pastores<br \/>\ny sus colaboradores,<br \/>\nespecialmente los padres y maestros,<br \/>\nsean santos, y est\u00e9n llenos de sabidur\u00eda<br \/>\ny de celo por la gloria de Dios<br \/>\ny la salvaci\u00f3n de los hombres.<\/p>\n<p>Para que aumente el n\u00famero de llamados,<br \/>\nque posean la eficacia de la palabra,<br \/>\nrealicen el apostolado<br \/>\nde la oraci\u00f3n y el testimonio,<br \/>\ny haya pronto un solo reba\u00f1o<br \/>\ny un solo Pastor.<\/p>\n<p>Para que todas nosotras<br \/>\nreconozcamos nuestra ignorancia y pobreza<br \/>\ny la necesidad de acudir siempre,<br \/>\ncon humildad, al sagrario<br \/>\npara pedir luz, misericordia y gracia.<\/p>\n<p><\/span> <a href='https:\/\/www.famigliapaolina.net\/preghierapaolina\/pagine\/44\/' class='go-to-page go-to-page-44'>p. 44<\/a><\/p>\n","protected":false},"featured_media":0,"parent":1688,"menu_order":2,"template":"","pagine":[335,336],"acf":{"acf_hide_title":false,"blocco_preghiera":[{"pagina_associata":"43","testo_per_pagina":"<p><em>(Hermanas Pastorcitas)<\/em><\/p>\n<p>Padre, en comuni\u00f3n con toda la Iglesia,<br \/>\nque hoy celebra el misterio de la redenci\u00f3n,<br \/>\nte ofrezco a Jes\u00fas-eucarist\u00eda<br \/>\ny a m\u00ed misma, como humilde v\u00edctima:<\/p>\n<p>Para reparar todas las ofensas<br \/>\na Jes\u00fas, buen Pastor,<br \/>\nviviente en la persona del Papa,<br \/>\nde los obispos y sacerdotes.<\/p>\n<p>Para pedirte misericordia<br \/>\npor todas las ovejas<br \/>\nque se han alejado del verdadero reba\u00f1o<br \/>\no andan todav\u00eda dispersas<br \/>\ncomo ovejas sin pastor.<\/p>\n"},{"pagina_associata":"44","testo_per_pagina":"<p>Por la conversi\u00f3n de los falsos pastores,<br \/>\nque apartan a los hombres de Jes\u00fas,<br \/>\nbuen Pastor, que da la vida por las ovejas.<\/p>\n<p>Para que honremos, amemos y sigamos<br \/>\nsolo a Jes\u00fas, camino, verdad y vida.<\/p>\n<p>Para que cooperemos con los pastores<br \/>\nen la tarea de iluminar, guiar e interceder<br \/>\npor la salvaci\u00f3n de los hombres.<\/p>\n<p>Para pedirte que todos los pastores<br \/>\ny sus colaboradores,<br \/>\nespecialmente los padres y maestros,<br \/>\nsean santos, y est\u00e9n llenos de sabidur\u00eda<br \/>\ny de celo por la gloria de Dios<br \/>\ny la salvaci\u00f3n de los hombres.<\/p>\n<p>Para que aumente el n\u00famero de llamados,<br \/>\nque posean la eficacia de la palabra,<br \/>\nrealicen el apostolado<br \/>\nde la oraci\u00f3n y el testimonio,<br \/>\ny haya pronto un solo reba\u00f1o<br \/>\ny un solo Pastor.<\/p>\n<p>Para que todas nosotras<br \/>\nreconozcamos nuestra ignorancia y pobreza<br \/>\ny la necesidad de acudir siempre,<br \/>\ncon humildad, al sagrario<br \/>\npara pedir luz, misericordia y gracia.<\/p>\n"}],"attachment_list":false,"hide_wp_ba":false},"yoast_head":"<!-- This site is optimized with the Yoast SEO plugin v17.6 - https:\/\/yoast.com\/wordpress\/plugins\/seo\/ -->\n<title>Ofertorio pastoral - Preghiera Paolina<\/title>\n<meta name=\"robots\" content=\"index, follow, max-snippet:-1, max-image-preview:large, max-video-preview:-1\" \/>\n<link rel=\"canonical\" href=\"https:\/\/www.famigliapaolina.net\/preghierapaolina\/le-preghiere\/celebrazione-delleucaristia\/offertorio-pastorale\/\" \/>\n<meta property=\"og:locale\" content=\"it_IT\" \/>\n<meta property=\"og:type\" content=\"article\" \/>\n<meta property=\"og:title\" content=\"Ofertorio pastoral - Preghiera Paolina\" \/>\n<meta property=\"og:description\" content=\"(Hermanas Pastorcitas) Padre, en comuni\u00f3n con toda la Iglesia, que hoy celebra el misterio de la redenci\u00f3n, te ofrezco a Jes\u00fas-eucarist\u00eda y a m\u00ed misma, como humilde v\u00edctima: Para reparar todas las ofensas a Jes\u00fas, buen Pastor, viviente en la persona del Papa, de los obispos y sacerdotes. Para pedirte misericordia por todas las ovejas que se han alejado del verdadero reba\u00f1o o andan todav\u00eda &hellip; Continua a leggere Ofertorio pastoral &raquo;\" \/>\n<meta property=\"og:url\" content=\"https:\/\/www.famigliapaolina.net\/preghierapaolina\/le-preghiere\/celebrazione-delleucaristia\/offertorio-pastorale\/\" \/>\n<meta property=\"og:site_name\" content=\"Preghiera Paolina\" \/>\n<meta property=\"article:modified_time\" content=\"2022-02-25T08:19:54+00:00\" \/>\n<meta name=\"twitter:card\" content=\"summary_large_image\" \/>\n<meta name=\"twitter:label1\" content=\"Tempo di lettura stimato\" \/>\n\t<meta name=\"twitter:data1\" content=\"1 minuto\" \/>\n<script type=\"application\/ld+json\" class=\"yoast-schema-graph\">{\"@context\":\"https:\/\/schema.org\",\"@graph\":[{\"@type\":\"WebSite\",\"@id\":\"https:\/\/www.famigliapaolina.net\/preghierapaolina\/#website\",\"url\":\"https:\/\/www.famigliapaolina.net\/preghierapaolina\/\",\"name\":\"Preghiera Paolina\",\"description\":\"\",\"potentialAction\":[{\"@type\":\"SearchAction\",\"target\":{\"@type\":\"EntryPoint\",\"urlTemplate\":\"https:\/\/www.famigliapaolina.net\/preghierapaolina\/?s={search_term_string}\"},\"query-input\":\"required name=search_term_string\"}],\"inLanguage\":\"it-IT\"},{\"@type\":\"WebPage\",\"@id\":\"https:\/\/www.famigliapaolina.net\/preghierapaolina\/le-preghiere\/celebrazione-delleucaristia\/offertorio-pastorale\/#webpage\",\"url\":\"https:\/\/www.famigliapaolina.net\/preghierapaolina\/le-preghiere\/celebrazione-delleucaristia\/offertorio-pastorale\/\",\"name\":\"Ofertorio pastoral - Preghiera Paolina\",\"isPartOf\":{\"@id\":\"https:\/\/www.famigliapaolina.net\/preghierapaolina\/#website\"},\"datePublished\":\"2022-02-14T15:49:01+00:00\",\"dateModified\":\"2022-02-25T08:19:54+00:00\",\"breadcrumb\":{\"@id\":\"https:\/\/www.famigliapaolina.net\/preghierapaolina\/le-preghiere\/celebrazione-delleucaristia\/offertorio-pastorale\/#breadcrumb\"},\"inLanguage\":\"it-IT\",\"potentialAction\":[{\"@type\":\"ReadAction\",\"target\":[\"https:\/\/www.famigliapaolina.net\/preghierapaolina\/le-preghiere\/celebrazione-delleucaristia\/offertorio-pastorale\/\"]}]},{\"@type\":\"BreadcrumbList\",\"@id\":\"https:\/\/www.famigliapaolina.net\/preghierapaolina\/le-preghiere\/celebrazione-delleucaristia\/offertorio-pastorale\/#breadcrumb\",\"itemListElement\":[{\"@type\":\"ListItem\",\"position\":1,\"name\":\"Home\",\"item\":\"https:\/\/www.famigliapaolina.net\/preghierapaolina\/\"},{\"@type\":\"ListItem\",\"position\":2,\"name\":\"Preghiere\",\"item\":\"https:\/\/www.famigliapaolina.net\/preghierapaolina\/le-preghiere\/\"},{\"@type\":\"ListItem\",\"position\":3,\"name\":\"Celebraci\\u00f3n de la eucarist\\u00eda\",\"item\":\"https:\/\/www.famigliapaolina.net\/preghierapaolina\/le-preghiere\/celebrazione-delleucaristia\/\"},{\"@type\":\"ListItem\",\"position\":4,\"name\":\"Ofertorio pastoral\"}]}]}<\/script>\n<!-- \/ Yoast SEO plugin. -->","yoast_head_json":{"title":"Ofertorio pastoral - Preghiera Paolina","robots":{"index":"index","follow":"follow","max-snippet":"max-snippet:-1","max-image-preview":"max-image-preview:large","max-video-preview":"max-video-preview:-1"},"canonical":"https:\/\/www.famigliapaolina.net\/preghierapaolina\/le-preghiere\/celebrazione-delleucaristia\/offertorio-pastorale\/","og_locale":"it_IT","og_type":"article","og_title":"Ofertorio pastoral - Preghiera Paolina","og_description":"(Hermanas Pastorcitas) Padre, en comuni\u00f3n con toda la Iglesia, que hoy celebra el misterio de la redenci\u00f3n, te ofrezco a Jes\u00fas-eucarist\u00eda y a m\u00ed misma, como humilde v\u00edctima: Para reparar todas las ofensas a Jes\u00fas, buen Pastor, viviente en la persona del Papa, de los obispos y sacerdotes. Para pedirte misericordia por todas las ovejas que se han alejado del verdadero reba\u00f1o o andan todav\u00eda &hellip; Continua a leggere Ofertorio pastoral &raquo;","og_url":"https:\/\/www.famigliapaolina.net\/preghierapaolina\/le-preghiere\/celebrazione-delleucaristia\/offertorio-pastorale\/","og_site_name":"Preghiera Paolina","article_modified_time":"2022-02-25T08:19:54+00:00","twitter_card":"summary_large_image","twitter_misc":{"Tempo di lettura stimato":"1 minuto"},"schema":{"@context":"https:\/\/schema.org","@graph":[{"@type":"WebSite","@id":"https:\/\/www.famigliapaolina.net\/preghierapaolina\/#website","url":"https:\/\/www.famigliapaolina.net\/preghierapaolina\/","name":"Preghiera Paolina","description":"","potentialAction":[{"@type":"SearchAction","target":{"@type":"EntryPoint","urlTemplate":"https:\/\/www.famigliapaolina.net\/preghierapaolina\/?s={search_term_string}"},"query-input":"required name=search_term_string"}],"inLanguage":"it-IT"},{"@type":"WebPage","@id":"https:\/\/www.famigliapaolina.net\/preghierapaolina\/le-preghiere\/celebrazione-delleucaristia\/offertorio-pastorale\/#webpage","url":"https:\/\/www.famigliapaolina.net\/preghierapaolina\/le-preghiere\/celebrazione-delleucaristia\/offertorio-pastorale\/","name":"Ofertorio pastoral - Preghiera Paolina","isPartOf":{"@id":"https:\/\/www.famigliapaolina.net\/preghierapaolina\/#website"},"datePublished":"2022-02-14T15:49:01+00:00","dateModified":"2022-02-25T08:19:54+00:00","breadcrumb":{"@id":"https:\/\/www.famigliapaolina.net\/preghierapaolina\/le-preghiere\/celebrazione-delleucaristia\/offertorio-pastorale\/#breadcrumb"},"inLanguage":"it-IT","potentialAction":[{"@type":"ReadAction","target":["https:\/\/www.famigliapaolina.net\/preghierapaolina\/le-preghiere\/celebrazione-delleucaristia\/offertorio-pastorale\/"]}]},{"@type":"BreadcrumbList","@id":"https:\/\/www.famigliapaolina.net\/preghierapaolina\/le-preghiere\/celebrazione-delleucaristia\/offertorio-pastorale\/#breadcrumb","itemListElement":[{"@type":"ListItem","position":1,"name":"Home","item":"https:\/\/www.famigliapaolina.net\/preghierapaolina\/"},{"@type":"ListItem","position":2,"name":"Preghiere","item":"https:\/\/www.famigliapaolina.net\/preghierapaolina\/le-preghiere\/"},{"@type":"ListItem","position":3,"name":"Celebraci\u00f3n de la eucarist\u00eda","item":"https:\/\/www.famigliapaolina.net\/preghierapaolina\/le-preghiere\/celebrazione-delleucaristia\/"},{"@type":"ListItem","position":4,"name":"Ofertorio pastoral"}]}]}},"wpml_current_locale":"es_ES","wpml_translations":[{"locale":"it_IT","id":816,"post_title":"Offertorio pastorale","href":"https:\/\/www.famigliapaolina.net\/preghierapaolina\/celebrazione-delleucaristia\/offertorio-pastorale\/"},{"locale":"fr_FR","id":921,"post_title":"Offertoire pastoral","href":"https:\/\/www.famigliapaolina.net\/preghierapaolina\/\/celebration-de-leucharistie\/offertoire-pastoral\/?lang=fr\/"},{"locale":"en_US","id":991,"post_title":"Pastoral Offertory","href":"https:\/\/www.famigliapaolina.net\/preghierapaolina\/\/celebrazione-delleucaristia\/offertorio-pastorale\/?lang=en\/"},{"locale":"ko_KR","id":2480,"post_title":"\uc0ac\ubaa9\uc801 \ubd09\ud5cc\uae30\ub3c4","href":"https:\/\/www.famigliapaolina.net\/preghierapaolina\/\/%ea%b0%90%ec%82%ac%ec%9d%98-%ec%a0%9c%ec%82%ac\/%ec%82%ac%eb%aa%a9%ec%a0%81-%eb%b4%89%ed%97%8c%ea%b8%b0%eb%8f%84\/?lang=ko\/"}],"_links":{"self":[{"href":"https:\/\/www.famigliapaolina.net\/preghierapaolina\/wp-json\/wp\/v2\/le-preghiere\/1694"}],"collection":[{"href":"https:\/\/www.famigliapaolina.net\/preghierapaolina\/wp-json\/wp\/v2\/le-preghiere"}],"about":[{"href":"https:\/\/www.famigliapaolina.net\/preghierapaolina\/wp-json\/wp\/v2\/types\/le-preghiere"}],"up":[{"embeddable":true,"href":"https:\/\/www.famigliapaolina.net\/preghierapaolina\/wp-json\/wp\/v2\/le-preghiere\/1688"}],"wp:attachment":[{"href":"https:\/\/www.famigliapaolina.net\/preghierapaolina\/wp-json\/wp\/v2\/media?parent=1694"}],"wp:term":[{"taxonomy":"pagine","embeddable":true,"href":"https:\/\/www.famigliapaolina.net\/preghierapaolina\/wp-json\/wp\/v2\/pagine?post=1694"}],"curies":[{"name":"wp","href":"https:\/\/api.w.org\/{rel}","templated":true}]}}

<p><span class='pagina-block pagina-43'></p>
<p><em>(Hermanas Pastorcitas)</em></p>
<p>Padre, en comunión con toda la Iglesia,<br />
que hoy celebra el misterio de la redención,<br />
te ofrezco a Jesús-eucaristía<br />
y a mí misma, como humilde víctima:</p>
<p>Para reparar todas las ofensas<br />
a Jesús, buen Pastor,<br />
viviente en la persona del Papa,<br />
de los obispos y sacerdotes.</p>
<p>Para pedirte misericordia<br />
por todas las ovejas<br />
que se han alejado del verdadero rebaño<br />
o andan todavía dispersas<br />
como ovejas sin pastor.</p>
<p></span> <a href='https://www.famigliapaolina.net/preghierapaolina/pagine/43/' class='go-to-page go-to-page-43'>p. 43</a><span class='pagina-block pagina-44'></p>
<p>Por la conversión de los falsos pastores,<br />
que apartan a los hombres de Jesús,<br />
buen Pastor, que da la vida por las ovejas.</p>
<p>Para que honremos, amemos y sigamos<br />
solo a Jesús, camino, verdad y vida.</p>
<p>Para que cooperemos con los pastores<br />
en la tarea de iluminar, guiar e interceder<br />
por la salvación de los hombres.</p>
<p>Para pedirte que todos los pastores<br />
y sus colaboradores,<br />
especialmente los padres y maestros,<br />
sean santos, y estén llenos de sabiduría<br />
y de celo por la gloria de Dios<br />
y la salvación de los hombres.</p>
<p>Para que aumente el número de llamados,<br />
que posean la eficacia de la palabra,<br />
realicen el apostolado<br />
de la oración y el testimonio,<br />
y haya pronto un solo rebaño<br />
y un solo Pastor.</p>
<p>Para que todas nosotras<br />
reconozcamos nuestra ignorancia y pobreza<br />
y la necesidad de acudir siempre,<br />
con humildad, al sagrario<br />
para pedir luz, misericordia y gracia.</p>
<p></span> <a href='https://www.famigliapaolina.net/preghierapaolina/pagine/44/' class='go-to-page go-to-page-44'>p. 44</a></p>

<p><em>(Hermanas Pastorcitas)</em></p>
<p>Padre, en comunión con toda la Iglesia,<br />
que hoy celebra el misterio de la redención,<br />
te ofrezco a Jesús-eucaristía<br />
y a mí misma, como humilde víctima:</p>
<p>Para reparar todas las ofensas<br />
a Jesús, buen Pastor,<br />
viviente en la persona del Papa,<br />
de los obispos y sacerdotes.</p>
<p>Para pedirte misericordia<br />
por todas las ovejas<br />
que se han alejado del verdadero rebaño<br />
o andan todavía dispersas<br />
como ovejas sin pastor.</p>

<p>Por la conversión de los falsos pastores,<br />
que apartan a los hombres de Jesús,<br />
buen Pastor, que da la vida por las ovejas.</p>
<p>Para que honremos, amemos y sigamos<br />
solo a Jesús, camino, verdad y vida.</p>
<p>Para que cooperemos con los pastores<br />
en la tarea de iluminar, guiar e interceder<br />
por la salvación de los hombres.</p>
<p>Para pedirte que todos los pastores<br />
y sus colaboradores,<br />
especialmente los padres y maestros,<br />
sean santos, y estén llenos de sabiduría<br />
y de celo por la gloria de Dios<br />
y la salvación de los hombres.</p>
<p>Para que aumente el número de llamados,<br />
que posean la eficacia de la palabra,<br />
realicen el apostolado<br />
de la oración y el testimonio,<br />
y haya pronto un solo rebaño<br />
y un solo Pastor.</p>
<p>Para que todas nosotras<br />
reconozcamos nuestra ignorancia y pobreza<br />
y la necesidad de acudir siempre,<br />
con humildad, al sagrario<br />
para pedir luz, misericordia y gracia.</p>

<!-- This site is optimized with the Yoast SEO plugin v17.6 - https://yoast.com/wordpress/plugins/seo/ -->
<title>Ofertorio pastoral - Preghiera Paolina</title>
<meta name="robots" content="index, follow, max-snippet:-1, max-image-preview:large, max-video-preview:-1" />
<link rel="canonical" href="https://www.famigliapaolina.net/preghierapaolina/le-preghiere/celebrazione-delleucaristia/offertorio-pastorale/" />
<meta property="og:locale" content="it_IT" />
<meta property="og:type" content="article" />
<meta property="og:title" content="Ofertorio pastoral - Preghiera Paolina" />
<meta property="og:description" content="(Hermanas Pastorcitas) Padre, en comunión con toda la Iglesia, que hoy celebra el misterio de la redención, te ofrezco a Jesús-eucaristía y a mí misma, como humilde víctima: Para reparar todas las ofensas a Jesús, buen Pastor, viviente en la persona del Papa, de los obispos y sacerdotes. Para pedirte misericordia por todas las ovejas que se han alejado del verdadero rebaño o andan todavía &hellip; Continua a leggere Ofertorio pastoral &raquo;" />
<meta property="og:url" content="https://www.famigliapaolina.net/preghierapaolina/le-preghiere/celebrazione-delleucaristia/offertorio-pastorale/" />
<meta property="og:site_name" content="Preghiera Paolina" />
<meta property="article:modified_time" content="2022-02-25T08:19:54+00:00" />
<meta name="twitter:card" content="summary_large_image" />
<meta name="twitter:label1" content="Tempo di lettura stimato" />
	<meta name="twitter:data1" content="1 minuto" />
<script type="application/ld+json" class="yoast-schema-graph">{"@context":"https://schema.org","@graph":[{"@type":"WebSite","@id":"https://www.famigliapaolina.net/preghierapaolina/#website","url":"https://www.famigliapaolina.net/preghierapaolina/","name":"Preghiera Paolina","description":"","potentialAction":[{"@type":"SearchAction","target":{"@type":"EntryPoint","urlTemplate":"https://www.famigliapaolina.net/preghierapaolina/?s={search_term_string}"},"query-input":"required name=search_term_string"}],"inLanguage":"it-IT"},{"@type":"WebPage","@id":"https://www.famigliapaolina.net/preghierapaolina/le-preghiere/celebrazione-delleucaristia/offertorio-pastorale/#webpage","url":"https://www.famigliapaolina.net/preghierapaolina/le-preghiere/celebrazione-delleucaristia/offertorio-pastorale/","name":"Ofertorio pastoral - Preghiera Paolina","isPartOf":{"@id":"https://www.famigliapaolina.net/preghierapaolina/#website"},"datePublished":"2022-02-14T15:49:01+00:00","dateModified":"2022-02-25T08:19:54+00:00","breadcrumb":{"@id":"https://www.famigliapaolina.net/preghierapaolina/le-preghiere/celebrazione-delleucaristia/offertorio-pastorale/#breadcrumb"},"inLanguage":"it-IT","potentialAction":[{"@type":"ReadAction","target":["https://www.famigliapaolina.net/preghierapaolina/le-preghiere/celebrazione-delleucaristia/offertorio-pastorale/"]}]},{"@type":"BreadcrumbList","@id":"https://www.famigliapaolina.net/preghierapaolina/le-preghiere/celebrazione-delleucaristia/offertorio-pastorale/#breadcrumb","itemListElement":[{"@type":"ListItem","position":1,"name":"Home","item":"https://www.famigliapaolina.net/preghierapaolina/"},{"@type":"ListItem","position":2,"name":"Preghiere","item":"https://www.famigliapaolina.net/preghierapaolina/le-preghiere/"},{"@type":"ListItem","position":3,"name":"Celebraci\u00f3n de la eucarist\u00eda","item":"https://www.famigliapaolina.net/preghierapaolina/le-preghiere/celebrazione-delleucaristia/"},{"@type":"ListItem","position":4,"name":"Ofertorio pastoral"}]}]}</script>
<!-- / Yoast SEO plugin. -->

(Hermanas Pastorcitas) Padre, en comunión con toda la Iglesia, que hoy celebra el misterio de la redención, te ofrezco a Jesús-eucaristía y a mí misma, como humilde víctima: Para reparar todas las ofensas a Jesús, buen Pastor, viviente en la persona del Papa, de los obispos y sacerdotes. Para pedirte misericordia por todas las ovejas que se han alejado del verdadero rebaño o andan todavía &hellip; Continua a leggere Ofertorio pastoral &raquo;

Celebración de la eucaristía

사목적 봉헌기도
