{"id":1885,"date":"2022-02-22T11:34:45","date_gmt":"2022-02-22T10:34:45","guid":{"rendered":"https:\/\/www.famigliapaolina.net\/preghierapaolina\/?post_type=le-preghiere&#038;p=1885"},"modified":"2022-02-24T11:20:41","modified_gmt":"2022-02-24T10:20:41","slug":"novena-a-jesus-buen-pastor-esquema-de-celebracion","status":"publish","type":"le-preghiere","link":"https:\/\/www.famigliapaolina.net\/preghierapaolina\/le-preghiere\/novenas-paulinas\/novena-a-jesus-buen-pastor-esquema-de-celebracion\/?lang=es","title":{"rendered":"NOVENA A JES\u00daS BUEN PASTOR (Esquema de celebraci\u00f3n)"},"content":{"rendered":"<p><span class='pagina-block pagina-310'><\/p>\n<p><strong>Invitatorio:<\/strong><br \/>\nEl Se\u00f1or es mi Pastor&#8230; (Salmo 23, p. 92).<\/p>\n<p><strong>Lectura y reflexi\u00f3n<\/strong> (a elecci\u00f3n):<br \/>\nJer 23,1-6; Ez 34,1-31; Is 40,9-11; 1Pe 2,21-25;<br \/>\nHeb 13,20-21; Jn 10,1-18.<\/p>\n<p><strong>Himno:<\/strong><br \/>\nOveja perdida, ven<br \/>\nsobre mis hombros, que hoy<br \/>\nno solo tu pastor soy,<br \/>\nsino tu pasto tambi\u00e9n.<br \/>\nPor descubrirte mejor<br \/>\ncuando balabas perdida,<br \/>\ndej\u00e9 en un \u00e1rbol la vida<br \/>\ndonde me subi\u00f3 el amor;<br \/>\nsi prenda quieres mayor,<br \/>\nmis obras hoy te la den.<br \/>\nPasto, al fin, hoy tuyo hecho,<br \/>\n\u00bfcu\u00e1l dar\u00e1 mayor asombro,<br \/>\no el traerte yo en el hombro<\/p>\n<p><\/span> <a href='https:\/\/www.famigliapaolina.net\/preghierapaolina\/pagine\/310\/' class='go-to-page go-to-page-310'>p. 310<\/a><span class='pagina-block pagina-311'><\/p>\n<p>o el traerme t\u00fa en el pecho?<br \/>\nPrendas son de amor estrecho<br \/>\nque aun los m\u00e1s ciegos las ven.<\/p>\n<p>V. Ha resucitado el buen Pastor, que dio su vida por las ovejas, aleluya.<br \/>\nR. Y se dign\u00f3 morir por su reba\u00f1o, aleluya.<\/p>\n<p><em>Ant. <\/em>Yo soy el Pastor de las ovejas; yo soy el camino, la verdad y la vida. Yo soy el buen Pastor, que conozco a mis ovejas y las m\u00edas me conocen. Aleluya.<\/p>\n<p><em>O bien:<\/em><\/p>\n<p>Yo soy el buen Pastor, que apaciento mis ovejas y doy mi vida por las ovejas. Aleluya (<em>Magn\u00edficat, <\/em>p. 335).<\/p>\n<p><strong>Oremos.<\/strong> Dios todopoderoso y eterno, que has dado a tu Iglesia el gozo inmenso de la resurrecci\u00f3n de Jesucristo, conc\u00e9denos tambi\u00e9n la alegr\u00eda eterna del reino de tus elegidos, para que as\u00ed el d\u00e9bil reba\u00f1o de tu Hijo tenga parte en la admirable victoria de su Pastor. \u00c9l, que vive y reina por los siglos de los siglos. Am\u00e9n.<\/p>\n<p><\/span> <a href='https:\/\/www.famigliapaolina.net\/preghierapaolina\/pagine\/311\/' class='go-to-page go-to-page-311'>p. 311<\/a><\/p>\n","protected":false},"featured_media":0,"parent":1883,"menu_order":1,"template":"","pagine":[252,253],"acf":{"acf_hide_title":false,"blocco_preghiera":[{"pagina_associata":"310","testo_per_pagina":"<p><strong>Invitatorio:<\/strong><br \/>\nEl Se\u00f1or es mi Pastor&#8230; (Salmo 23, p. 92).<\/p>\n<p><strong>Lectura y reflexi\u00f3n<\/strong> (a elecci\u00f3n):<br \/>\nJer 23,1-6; Ez 34,1-31; Is 40,9-11; 1Pe 2,21-25;<br \/>\nHeb 13,20-21; Jn 10,1-18.<\/p>\n<p><strong>Himno:<\/strong><br \/>\nOveja perdida, ven<br \/>\nsobre mis hombros, que hoy<br \/>\nno solo tu pastor soy,<br \/>\nsino tu pasto tambi\u00e9n.<br \/>\nPor descubrirte mejor<br \/>\ncuando balabas perdida,<br \/>\ndej\u00e9 en un \u00e1rbol la vida<br \/>\ndonde me subi\u00f3 el amor;<br \/>\nsi prenda quieres mayor,<br \/>\nmis obras hoy te la den.<br \/>\nPasto, al fin, hoy tuyo hecho,<br \/>\n\u00bfcu\u00e1l dar\u00e1 mayor asombro,<br \/>\no el traerte yo en el hombro<\/p>\n"},{"pagina_associata":"311","testo_per_pagina":"<p>o el traerme t\u00fa en el pecho?<br \/>\nPrendas son de amor estrecho<br \/>\nque aun los m\u00e1s ciegos las ven.<\/p>\n<p>V. Ha resucitado el buen Pastor, que dio su vida por las ovejas, aleluya.<br \/>\nR. Y se dign\u00f3 morir por su reba\u00f1o, aleluya.<\/p>\n<p><em>Ant. <\/em>Yo soy el Pastor de las ovejas; yo soy el camino, la verdad y la vida. Yo soy el buen Pastor, que conozco a mis ovejas y las m\u00edas me conocen. Aleluya.<\/p>\n<p><em>O bien:<\/em><\/p>\n<p>Yo soy el buen Pastor, que apaciento mis ovejas y doy mi vida por las ovejas. Aleluya (<em>Magn\u00edficat, <\/em>p. 335).<\/p>\n<p><strong>Oremos.<\/strong> Dios todopoderoso y eterno, que has dado a tu Iglesia el gozo inmenso de la resurrecci\u00f3n de Jesucristo, conc\u00e9denos tambi\u00e9n la alegr\u00eda eterna del reino de tus elegidos, para que as\u00ed el d\u00e9bil reba\u00f1o de tu Hijo tenga parte en la admirable victoria de su Pastor. \u00c9l, que vive y reina por los siglos de los siglos. Am\u00e9n.<\/p>\n"}],"attachment_list":false,"hide_wp_ba":false},"yoast_head":"<!-- This site is optimized with the Yoast SEO plugin v17.6 - https:\/\/yoast.com\/wordpress\/plugins\/seo\/ -->\n<title>NOVENA A JES\u00daS BUEN PASTOR (Esquema de celebraci\u00f3n) - Preghiera Paolina<\/title>\n<meta name=\"robots\" content=\"index, follow, max-snippet:-1, max-image-preview:large, max-video-preview:-1\" \/>\n<link rel=\"canonical\" href=\"https:\/\/www.famigliapaolina.net\/preghierapaolina\/le-preghiere\/novenas-paulinas\/novena-a-jesus-buen-pastor-esquema-de-celebracion\/\" \/>\n<meta property=\"og:locale\" content=\"it_IT\" \/>\n<meta property=\"og:type\" content=\"article\" \/>\n<meta property=\"og:title\" content=\"NOVENA A JES\u00daS BUEN PASTOR (Esquema de celebraci\u00f3n) - Preghiera Paolina\" \/>\n<meta property=\"og:description\" content=\"Invitatorio: El Se\u00f1or es mi Pastor&#8230; (Salmo 23, p. 92). Lectura y reflexi\u00f3n (a elecci\u00f3n): Jer 23,1-6; Ez 34,1-31; Is 40,9-11; 1Pe 2,21-25; Heb 13,20-21; Jn 10,1-18. Himno: Oveja perdida, ven sobre mis hombros, que hoy no solo tu pastor soy, sino tu pasto tambi\u00e9n. Por descubrirte mejor cuando balabas perdida, dej\u00e9 en un \u00e1rbol la vida donde me subi\u00f3 el amor; si prenda quieres &hellip; Continua a leggere NOVENA A JES\u00daS BUEN PASTOR (Esquema de celebraci\u00f3n) &raquo;\" \/>\n<meta property=\"og:url\" content=\"https:\/\/www.famigliapaolina.net\/preghierapaolina\/le-preghiere\/novenas-paulinas\/novena-a-jesus-buen-pastor-esquema-de-celebracion\/?lang=es\" \/>\n<meta property=\"og:site_name\" content=\"Preghiera Paolina\" \/>\n<meta property=\"article:modified_time\" content=\"2022-02-24T10:20:41+00:00\" \/>\n<meta name=\"twitter:card\" content=\"summary_large_image\" \/>\n<meta name=\"twitter:label1\" content=\"Tempo di lettura stimato\" \/>\n\t<meta name=\"twitter:data1\" content=\"1 minuto\" \/>\n<script type=\"application\/ld+json\" class=\"yoast-schema-graph\">{\"@context\":\"https:\/\/schema.org\",\"@graph\":[{\"@type\":\"WebSite\",\"@id\":\"https:\/\/www.famigliapaolina.net\/preghierapaolina\/#website\",\"url\":\"https:\/\/www.famigliapaolina.net\/preghierapaolina\/\",\"name\":\"Preghiera Paolina\",\"description\":\"\",\"potentialAction\":[{\"@type\":\"SearchAction\",\"target\":{\"@type\":\"EntryPoint\",\"urlTemplate\":\"https:\/\/www.famigliapaolina.net\/preghierapaolina\/?s={search_term_string}\"},\"query-input\":\"required name=search_term_string\"}],\"inLanguage\":\"it-IT\"},{\"@type\":\"WebPage\",\"@id\":\"https:\/\/www.famigliapaolina.net\/preghierapaolina\/le-preghiere\/novenas-paulinas\/novena-a-jesus-buen-pastor-esquema-de-celebracion\/?lang=es#webpage\",\"url\":\"https:\/\/www.famigliapaolina.net\/preghierapaolina\/le-preghiere\/novenas-paulinas\/novena-a-jesus-buen-pastor-esquema-de-celebracion\/?lang=es\",\"name\":\"NOVENA A JES\\u00daS BUEN PASTOR (Esquema de celebraci\\u00f3n) - Preghiera Paolina\",\"isPartOf\":{\"@id\":\"https:\/\/www.famigliapaolina.net\/preghierapaolina\/#website\"},\"datePublished\":\"2022-02-22T10:34:45+00:00\",\"dateModified\":\"2022-02-24T10:20:41+00:00\",\"breadcrumb\":{\"@id\":\"https:\/\/www.famigliapaolina.net\/preghierapaolina\/le-preghiere\/novenas-paulinas\/novena-a-jesus-buen-pastor-esquema-de-celebracion\/?lang=es#breadcrumb\"},\"inLanguage\":\"it-IT\",\"potentialAction\":[{\"@type\":\"ReadAction\",\"target\":[\"https:\/\/www.famigliapaolina.net\/preghierapaolina\/le-preghiere\/novenas-paulinas\/novena-a-jesus-buen-pastor-esquema-de-celebracion\/?lang=es\"]}]},{\"@type\":\"BreadcrumbList\",\"@id\":\"https:\/\/www.famigliapaolina.net\/preghierapaolina\/le-preghiere\/novenas-paulinas\/novena-a-jesus-buen-pastor-esquema-de-celebracion\/?lang=es#breadcrumb\",\"itemListElement\":[{\"@type\":\"ListItem\",\"position\":1,\"name\":\"Home\",\"item\":\"https:\/\/www.famigliapaolina.net\/preghierapaolina\/\"},{\"@type\":\"ListItem\",\"position\":2,\"name\":\"Preghiere\",\"item\":\"https:\/\/www.famigliapaolina.net\/preghierapaolina\/le-preghiere\/\"},{\"@type\":\"ListItem\",\"position\":3,\"name\":\"NOVENAS PAULINAS\",\"item\":\"https:\/\/www.famigliapaolina.net\/preghierapaolina\/le-preghiere\/novenas-paulinas\/?lang=es\"},{\"@type\":\"ListItem\",\"position\":4,\"name\":\"NOVENA A JES\\u00daS BUEN PASTOR (Esquema de celebraci\\u00f3n)\"}]}]}<\/script>\n<!-- \/ Yoast SEO plugin. -->","yoast_head_json":{"title":"NOVENA A JES\u00daS BUEN PASTOR (Esquema de celebraci\u00f3n) - Preghiera Paolina","robots":{"index":"index","follow":"follow","max-snippet":"max-snippet:-1","max-image-preview":"max-image-preview:large","max-video-preview":"max-video-preview:-1"},"canonical":"https:\/\/www.famigliapaolina.net\/preghierapaolina\/le-preghiere\/novenas-paulinas\/novena-a-jesus-buen-pastor-esquema-de-celebracion\/","og_locale":"it_IT","og_type":"article","og_title":"NOVENA A JES\u00daS BUEN PASTOR (Esquema de celebraci\u00f3n) - Preghiera Paolina","og_description":"Invitatorio: El Se\u00f1or es mi Pastor&#8230; (Salmo 23, p. 92). Lectura y reflexi\u00f3n (a elecci\u00f3n): Jer 23,1-6; Ez 34,1-31; Is 40,9-11; 1Pe 2,21-25; Heb 13,20-21; Jn 10,1-18. Himno: Oveja perdida, ven sobre mis hombros, que hoy no solo tu pastor soy, sino tu pasto tambi\u00e9n. Por descubrirte mejor cuando balabas perdida, dej\u00e9 en un \u00e1rbol la vida donde me subi\u00f3 el amor; si prenda quieres &hellip; Continua a leggere NOVENA A JES\u00daS BUEN PASTOR (Esquema de celebraci\u00f3n) &raquo;","og_url":"https:\/\/www.famigliapaolina.net\/preghierapaolina\/le-preghiere\/novenas-paulinas\/novena-a-jesus-buen-pastor-esquema-de-celebracion\/?lang=es","og_site_name":"Preghiera Paolina","article_modified_time":"2022-02-24T10:20:41+00:00","twitter_card":"summary_large_image","twitter_misc":{"Tempo di lettura stimato":"1 minuto"},"schema":{"@context":"https:\/\/schema.org","@graph":[{"@type":"WebSite","@id":"https:\/\/www.famigliapaolina.net\/preghierapaolina\/#website","url":"https:\/\/www.famigliapaolina.net\/preghierapaolina\/","name":"Preghiera Paolina","description":"","potentialAction":[{"@type":"SearchAction","target":{"@type":"EntryPoint","urlTemplate":"https:\/\/www.famigliapaolina.net\/preghierapaolina\/?s={search_term_string}"},"query-input":"required name=search_term_string"}],"inLanguage":"it-IT"},{"@type":"WebPage","@id":"https:\/\/www.famigliapaolina.net\/preghierapaolina\/le-preghiere\/novenas-paulinas\/novena-a-jesus-buen-pastor-esquema-de-celebracion\/?lang=es#webpage","url":"https:\/\/www.famigliapaolina.net\/preghierapaolina\/le-preghiere\/novenas-paulinas\/novena-a-jesus-buen-pastor-esquema-de-celebracion\/?lang=es","name":"NOVENA A JES\u00daS BUEN PASTOR (Esquema de celebraci\u00f3n) - Preghiera Paolina","isPartOf":{"@id":"https:\/\/www.famigliapaolina.net\/preghierapaolina\/#website"},"datePublished":"2022-02-22T10:34:45+00:00","dateModified":"2022-02-24T10:20:41+00:00","breadcrumb":{"@id":"https:\/\/www.famigliapaolina.net\/preghierapaolina\/le-preghiere\/novenas-paulinas\/novena-a-jesus-buen-pastor-esquema-de-celebracion\/?lang=es#breadcrumb"},"inLanguage":"it-IT","potentialAction":[{"@type":"ReadAction","target":["https:\/\/www.famigliapaolina.net\/preghierapaolina\/le-preghiere\/novenas-paulinas\/novena-a-jesus-buen-pastor-esquema-de-celebracion\/?lang=es"]}]},{"@type":"BreadcrumbList","@id":"https:\/\/www.famigliapaolina.net\/preghierapaolina\/le-preghiere\/novenas-paulinas\/novena-a-jesus-buen-pastor-esquema-de-celebracion\/?lang=es#breadcrumb","itemListElement":[{"@type":"ListItem","position":1,"name":"Home","item":"https:\/\/www.famigliapaolina.net\/preghierapaolina\/"},{"@type":"ListItem","position":2,"name":"Preghiere","item":"https:\/\/www.famigliapaolina.net\/preghierapaolina\/le-preghiere\/"},{"@type":"ListItem","position":3,"name":"NOVENAS PAULINAS","item":"https:\/\/www.famigliapaolina.net\/preghierapaolina\/le-preghiere\/novenas-paulinas\/?lang=es"},{"@type":"ListItem","position":4,"name":"NOVENA A JES\u00daS BUEN PASTOR (Esquema de celebraci\u00f3n)"}]}]}},"wpml_current_locale":"es_ES","wpml_translations":[],"_links":{"self":[{"href":"https:\/\/www.famigliapaolina.net\/preghierapaolina\/wp-json\/wp\/v2\/le-preghiere\/1885"}],"collection":[{"href":"https:\/\/www.famigliapaolina.net\/preghierapaolina\/wp-json\/wp\/v2\/le-preghiere"}],"about":[{"href":"https:\/\/www.famigliapaolina.net\/preghierapaolina\/wp-json\/wp\/v2\/types\/le-preghiere"}],"up":[{"embeddable":true,"href":"https:\/\/www.famigliapaolina.net\/preghierapaolina\/wp-json\/wp\/v2\/le-preghiere\/1883"}],"wp:attachment":[{"href":"https:\/\/www.famigliapaolina.net\/preghierapaolina\/wp-json\/wp\/v2\/media?parent=1885"}],"wp:term":[{"taxonomy":"pagine","embeddable":true,"href":"https:\/\/www.famigliapaolina.net\/preghierapaolina\/wp-json\/wp\/v2\/pagine?post=1885"}],"curies":[{"name":"wp","href":"https:\/\/api.w.org\/{rel}","templated":true}]}}

NOVENA A JESÚS BUEN PASTOR (Esquema de celebración)

<p><span class='pagina-block pagina-310'></p>
<p><strong>Invitatorio:</strong><br />
El Señor es mi Pastor&#8230; (Salmo 23, p. 92).</p>
<p><strong>Lectura y reflexión</strong> (a elección):<br />
Jer 23,1-6; Ez 34,1-31; Is 40,9-11; 1Pe 2,21-25;<br />
Heb 13,20-21; Jn 10,1-18.</p>
<p><strong>Himno:</strong><br />
Oveja perdida, ven<br />
sobre mis hombros, que hoy<br />
no solo tu pastor soy,<br />
sino tu pasto también.<br />
Por descubrirte mejor<br />
cuando balabas perdida,<br />
dejé en un árbol la vida<br />
donde me subió el amor;<br />
si prenda quieres mayor,<br />
mis obras hoy te la den.<br />
Pasto, al fin, hoy tuyo hecho,<br />
¿cuál dará mayor asombro,<br />
o el traerte yo en el hombro</p>
<p></span> <a href='https://www.famigliapaolina.net/preghierapaolina/pagine/310/' class='go-to-page go-to-page-310'>p. 310</a><span class='pagina-block pagina-311'></p>
<p>o el traerme tú en el pecho?<br />
Prendas son de amor estrecho<br />
que aun los más ciegos las ven.</p>
<p>V. Ha resucitado el buen Pastor, que dio su vida por las ovejas, aleluya.<br />
R. Y se dignó morir por su rebaño, aleluya.</p>
<p><em>Ant. </em>Yo soy el Pastor de las ovejas; yo soy el camino, la verdad y la vida. Yo soy el buen Pastor, que conozco a mis ovejas y las mías me conocen. Aleluya.</p>
<p><em>O bien:</em></p>
<p>Yo soy el buen Pastor, que apaciento mis ovejas y doy mi vida por las ovejas. Aleluya (<em>Magníficat, </em>p. 335).</p>
<p><strong>Oremos.</strong> Dios todopoderoso y eterno, que has dado a tu Iglesia el gozo inmenso de la resurrección de Jesucristo, concédenos también la alegría eterna del reino de tus elegidos, para que así el débil rebaño de tu Hijo tenga parte en la admirable victoria de su Pastor. Él, que vive y reina por los siglos de los siglos. Amén.</p>
<p></span> <a href='https://www.famigliapaolina.net/preghierapaolina/pagine/311/' class='go-to-page go-to-page-311'>p. 311</a></p>

<p><strong>Invitatorio:</strong><br />
El Señor es mi Pastor&#8230; (Salmo 23, p. 92).</p>
<p><strong>Lectura y reflexión</strong> (a elección):<br />
Jer 23,1-6; Ez 34,1-31; Is 40,9-11; 1Pe 2,21-25;<br />
Heb 13,20-21; Jn 10,1-18.</p>
<p><strong>Himno:</strong><br />
Oveja perdida, ven<br />
sobre mis hombros, que hoy<br />
no solo tu pastor soy,<br />
sino tu pasto también.<br />
Por descubrirte mejor<br />
cuando balabas perdida,<br />
dejé en un árbol la vida<br />
donde me subió el amor;<br />
si prenda quieres mayor,<br />
mis obras hoy te la den.<br />
Pasto, al fin, hoy tuyo hecho,<br />
¿cuál dará mayor asombro,<br />
o el traerte yo en el hombro</p>

<p>o el traerme tú en el pecho?<br />
Prendas son de amor estrecho<br />
que aun los más ciegos las ven.</p>
<p>V. Ha resucitado el buen Pastor, que dio su vida por las ovejas, aleluya.<br />
R. Y se dignó morir por su rebaño, aleluya.</p>
<p><em>Ant. </em>Yo soy el Pastor de las ovejas; yo soy el camino, la verdad y la vida. Yo soy el buen Pastor, que conozco a mis ovejas y las mías me conocen. Aleluya.</p>
<p><em>O bien:</em></p>
<p>Yo soy el buen Pastor, que apaciento mis ovejas y doy mi vida por las ovejas. Aleluya (<em>Magníficat, </em>p. 335).</p>
<p><strong>Oremos.</strong> Dios todopoderoso y eterno, que has dado a tu Iglesia el gozo inmenso de la resurrección de Jesucristo, concédenos también la alegría eterna del reino de tus elegidos, para que así el débil rebaño de tu Hijo tenga parte en la admirable victoria de su Pastor. Él, que vive y reina por los siglos de los siglos. Amén.</p>

<!-- This site is optimized with the Yoast SEO plugin v17.6 - https://yoast.com/wordpress/plugins/seo/ -->
<title>NOVENA A JESÚS BUEN PASTOR (Esquema de celebración) - Preghiera Paolina</title>
<meta name="robots" content="index, follow, max-snippet:-1, max-image-preview:large, max-video-preview:-1" />
<link rel="canonical" href="https://www.famigliapaolina.net/preghierapaolina/le-preghiere/novenas-paulinas/novena-a-jesus-buen-pastor-esquema-de-celebracion/" />
<meta property="og:locale" content="it_IT" />
<meta property="og:type" content="article" />
<meta property="og:title" content="NOVENA A JESÚS BUEN PASTOR (Esquema de celebración) - Preghiera Paolina" />
<meta property="og:description" content="Invitatorio: El Señor es mi Pastor&#8230; (Salmo 23, p. 92). Lectura y reflexión (a elección): Jer 23,1-6; Ez 34,1-31; Is 40,9-11; 1Pe 2,21-25; Heb 13,20-21; Jn 10,1-18. Himno: Oveja perdida, ven sobre mis hombros, que hoy no solo tu pastor soy, sino tu pasto también. Por descubrirte mejor cuando balabas perdida, dejé en un árbol la vida donde me subió el amor; si prenda quieres &hellip; Continua a leggere NOVENA A JESÚS BUEN PASTOR (Esquema de celebración) &raquo;" />
<meta property="og:url" content="https://www.famigliapaolina.net/preghierapaolina/le-preghiere/novenas-paulinas/novena-a-jesus-buen-pastor-esquema-de-celebracion/?lang=es" />
<meta property="og:site_name" content="Preghiera Paolina" />
<meta property="article:modified_time" content="2022-02-24T10:20:41+00:00" />
<meta name="twitter:card" content="summary_large_image" />
<meta name="twitter:label1" content="Tempo di lettura stimato" />
	<meta name="twitter:data1" content="1 minuto" />
<script type="application/ld+json" class="yoast-schema-graph">{"@context":"https://schema.org","@graph":[{"@type":"WebSite","@id":"https://www.famigliapaolina.net/preghierapaolina/#website","url":"https://www.famigliapaolina.net/preghierapaolina/","name":"Preghiera Paolina","description":"","potentialAction":[{"@type":"SearchAction","target":{"@type":"EntryPoint","urlTemplate":"https://www.famigliapaolina.net/preghierapaolina/?s={search_term_string}"},"query-input":"required name=search_term_string"}],"inLanguage":"it-IT"},{"@type":"WebPage","@id":"https://www.famigliapaolina.net/preghierapaolina/le-preghiere/novenas-paulinas/novena-a-jesus-buen-pastor-esquema-de-celebracion/?lang=es#webpage","url":"https://www.famigliapaolina.net/preghierapaolina/le-preghiere/novenas-paulinas/novena-a-jesus-buen-pastor-esquema-de-celebracion/?lang=es","name":"NOVENA A JES\u00daS BUEN PASTOR (Esquema de celebraci\u00f3n) - Preghiera Paolina","isPartOf":{"@id":"https://www.famigliapaolina.net/preghierapaolina/#website"},"datePublished":"2022-02-22T10:34:45+00:00","dateModified":"2022-02-24T10:20:41+00:00","breadcrumb":{"@id":"https://www.famigliapaolina.net/preghierapaolina/le-preghiere/novenas-paulinas/novena-a-jesus-buen-pastor-esquema-de-celebracion/?lang=es#breadcrumb"},"inLanguage":"it-IT","potentialAction":[{"@type":"ReadAction","target":["https://www.famigliapaolina.net/preghierapaolina/le-preghiere/novenas-paulinas/novena-a-jesus-buen-pastor-esquema-de-celebracion/?lang=es"]}]},{"@type":"BreadcrumbList","@id":"https://www.famigliapaolina.net/preghierapaolina/le-preghiere/novenas-paulinas/novena-a-jesus-buen-pastor-esquema-de-celebracion/?lang=es#breadcrumb","itemListElement":[{"@type":"ListItem","position":1,"name":"Home","item":"https://www.famigliapaolina.net/preghierapaolina/"},{"@type":"ListItem","position":2,"name":"Preghiere","item":"https://www.famigliapaolina.net/preghierapaolina/le-preghiere/"},{"@type":"ListItem","position":3,"name":"NOVENAS PAULINAS","item":"https://www.famigliapaolina.net/preghierapaolina/le-preghiere/novenas-paulinas/?lang=es"},{"@type":"ListItem","position":4,"name":"NOVENA A JES\u00daS BUEN PASTOR (Esquema de celebraci\u00f3n)"}]}]}</script>
<!-- / Yoast SEO plugin. -->

NOVENA A JESÚS BUEN PASTOR (Esquema de celebración) - Preghiera Paolina

Invitatorio: El Señor es mi Pastor&#8230; (Salmo 23, p. 92). Lectura y reflexión (a elección): Jer 23,1-6; Ez 34,1-31; Is 40,9-11; 1Pe 2,21-25; Heb 13,20-21; Jn 10,1-18. Himno: Oveja perdida, ven sobre mis hombros, que hoy no solo tu pastor soy, sino tu pasto también. Por descubrirte mejor cuando balabas perdida, dejé en un árbol la vida donde me subió el amor; si prenda quieres &hellip; Continua a leggere NOVENA A JESÚS BUEN PASTOR (Esquema de celebración) &raquo;
