{"id":1905,"date":"2022-02-22T16:45:27","date_gmt":"2022-02-22T15:45:27","guid":{"rendered":"https:\/\/www.famigliapaolina.net\/preghierapaolina\/?post_type=le-preghiere&#038;p=1905"},"modified":"2022-02-24T11:36:14","modified_gmt":"2022-02-24T10:36:14","slug":"te-alabamos","status":"publish","type":"le-preghiere","link":"https:\/\/www.famigliapaolina.net\/preghierapaolina\/le-preghiere\/cantos\/cantos-eucaristicos\/te-alabamos\/?lang=es","title":{"rendered":"Te alabamos"},"content":{"rendered":"<p><span class='pagina-block pagina-345'><\/p>\n<p><em>Te alabamos, Se\u00f1or, te bendecimos,<br \/>\nestamos junto a ti.<br \/>\nEn el silencio con fe hoy escuchamos<br \/>\ntu coraz\u00f3n latir, tu coraz\u00f3n latir.<\/em><\/p>\n<p>Tus palabras de vida<br \/>\nresuenan hoy aqu\u00ed:<br \/>\n\u00abYo estar\u00e9 con vosotros,<br \/>\nyo estar\u00e9 con vosotros,<br \/>\nyo estar\u00e9 con vosotros,<br \/>\nvenid todos a m\u00ed\u00bb (bis).<\/p>\n<p>Tu presencia en nosotros<br \/>\nla vida nos dar\u00e1.<br \/>\n\u00abYo estar\u00e9&#8230;\u00bb.<br \/>\nTe adoramos, cantamos,<br \/>\nSe\u00f1or, por siempre a ti.<br \/>\n\u00abYo estar\u00e9&#8230;\u00bb.<\/p>\n<p><\/span> <a href='https:\/\/www.famigliapaolina.net\/preghierapaolina\/pagine\/345\/' class='go-to-page go-to-page-345'>p. 345<\/a><\/p>\n","protected":false},"featured_media":0,"parent":1902,"menu_order":2,"template":"","pagine":[283],"acf":{"acf_hide_title":false,"blocco_preghiera":[{"pagina_associata":"345","testo_per_pagina":"<p><em>Te alabamos, Se\u00f1or, te bendecimos,<br \/>\nestamos junto a ti.<br \/>\nEn el silencio con fe hoy escuchamos<br \/>\ntu coraz\u00f3n latir, tu coraz\u00f3n latir.<\/em><\/p>\n<p>Tus palabras de vida<br \/>\nresuenan hoy aqu\u00ed:<br \/>\n\u00abYo estar\u00e9 con vosotros,<br \/>\nyo estar\u00e9 con vosotros,<br \/>\nyo estar\u00e9 con vosotros,<br \/>\nvenid todos a m\u00ed\u00bb (bis).<\/p>\n<p>Tu presencia en nosotros<br \/>\nla vida nos dar\u00e1.<br \/>\n\u00abYo estar\u00e9&#8230;\u00bb.<br \/>\nTe adoramos, cantamos,<br \/>\nSe\u00f1or, por siempre a ti.<br \/>\n\u00abYo estar\u00e9&#8230;\u00bb.<\/p>\n"}],"attachment_list":false,"hide_wp_ba":false},"yoast_head":"<!-- This site is optimized with the Yoast SEO plugin v17.6 - https:\/\/yoast.com\/wordpress\/plugins\/seo\/ -->\n<title>Te alabamos - Preghiera Paolina<\/title>\n<meta name=\"robots\" content=\"index, follow, max-snippet:-1, max-image-preview:large, max-video-preview:-1\" \/>\n<link rel=\"canonical\" href=\"https:\/\/www.famigliapaolina.net\/preghierapaolina\/le-preghiere\/cantos\/cantos-eucaristicos\/te-alabamos\/\" \/>\n<meta property=\"og:locale\" content=\"it_IT\" \/>\n<meta property=\"og:type\" content=\"article\" \/>\n<meta property=\"og:title\" content=\"Te alabamos - Preghiera Paolina\" \/>\n<meta property=\"og:description\" content=\"Te alabamos, Se\u00f1or, te bendecimos, estamos junto a ti. En el silencio con fe hoy escuchamos tu coraz\u00f3n latir, tu coraz\u00f3n latir. Tus palabras de vida resuenan hoy aqu\u00ed: \u00abYo estar\u00e9 con vosotros, yo estar\u00e9 con vosotros, yo estar\u00e9 con vosotros, venid todos a m\u00ed\u00bb (bis). Tu presencia en nosotros la vida nos dar\u00e1. \u00abYo estar\u00e9&#8230;\u00bb. Te adoramos, cantamos, Se\u00f1or, por siempre a ti. \u00abYo &hellip; Continua a leggere Te alabamos &raquo;\" \/>\n<meta property=\"og:url\" content=\"https:\/\/www.famigliapaolina.net\/preghierapaolina\/le-preghiere\/cantos\/cantos-eucaristicos\/te-alabamos\/?lang=es\" \/>\n<meta property=\"og:site_name\" content=\"Preghiera Paolina\" \/>\n<meta property=\"article:modified_time\" content=\"2022-02-24T10:36:14+00:00\" \/>\n<meta name=\"twitter:card\" content=\"summary_large_image\" \/>\n<script type=\"application\/ld+json\" class=\"yoast-schema-graph\">{\"@context\":\"https:\/\/schema.org\",\"@graph\":[{\"@type\":\"WebSite\",\"@id\":\"https:\/\/www.famigliapaolina.net\/preghierapaolina\/#website\",\"url\":\"https:\/\/www.famigliapaolina.net\/preghierapaolina\/\",\"name\":\"Preghiera Paolina\",\"description\":\"\",\"potentialAction\":[{\"@type\":\"SearchAction\",\"target\":{\"@type\":\"EntryPoint\",\"urlTemplate\":\"https:\/\/www.famigliapaolina.net\/preghierapaolina\/?s={search_term_string}\"},\"query-input\":\"required name=search_term_string\"}],\"inLanguage\":\"it-IT\"},{\"@type\":\"WebPage\",\"@id\":\"https:\/\/www.famigliapaolina.net\/preghierapaolina\/le-preghiere\/cantos\/cantos-eucaristicos\/te-alabamos\/?lang=es#webpage\",\"url\":\"https:\/\/www.famigliapaolina.net\/preghierapaolina\/le-preghiere\/cantos\/cantos-eucaristicos\/te-alabamos\/?lang=es\",\"name\":\"Te alabamos - Preghiera Paolina\",\"isPartOf\":{\"@id\":\"https:\/\/www.famigliapaolina.net\/preghierapaolina\/#website\"},\"datePublished\":\"2022-02-22T15:45:27+00:00\",\"dateModified\":\"2022-02-24T10:36:14+00:00\",\"breadcrumb\":{\"@id\":\"https:\/\/www.famigliapaolina.net\/preghierapaolina\/le-preghiere\/cantos\/cantos-eucaristicos\/te-alabamos\/?lang=es#breadcrumb\"},\"inLanguage\":\"it-IT\",\"potentialAction\":[{\"@type\":\"ReadAction\",\"target\":[\"https:\/\/www.famigliapaolina.net\/preghierapaolina\/le-preghiere\/cantos\/cantos-eucaristicos\/te-alabamos\/?lang=es\"]}]},{\"@type\":\"BreadcrumbList\",\"@id\":\"https:\/\/www.famigliapaolina.net\/preghierapaolina\/le-preghiere\/cantos\/cantos-eucaristicos\/te-alabamos\/?lang=es#breadcrumb\",\"itemListElement\":[{\"@type\":\"ListItem\",\"position\":1,\"name\":\"Home\",\"item\":\"https:\/\/www.famigliapaolina.net\/preghierapaolina\/\"},{\"@type\":\"ListItem\",\"position\":2,\"name\":\"Preghiere\",\"item\":\"https:\/\/www.famigliapaolina.net\/preghierapaolina\/le-preghiere\/\"},{\"@type\":\"ListItem\",\"position\":3,\"name\":\"CANTOS\",\"item\":\"https:\/\/www.famigliapaolina.net\/preghierapaolina\/le-preghiere\/cantos\/?lang=es\"},{\"@type\":\"ListItem\",\"position\":4,\"name\":\"CANTOS EUCAR\\u00cdSTICOS\",\"item\":\"https:\/\/www.famigliapaolina.net\/preghierapaolina\/le-preghiere\/cantos\/cantos-eucaristicos\/?lang=es\"},{\"@type\":\"ListItem\",\"position\":5,\"name\":\"Te alabamos\"}]}]}<\/script>\n<!-- \/ Yoast SEO plugin. -->","yoast_head_json":{"title":"Te alabamos - Preghiera Paolina","robots":{"index":"index","follow":"follow","max-snippet":"max-snippet:-1","max-image-preview":"max-image-preview:large","max-video-preview":"max-video-preview:-1"},"canonical":"https:\/\/www.famigliapaolina.net\/preghierapaolina\/le-preghiere\/cantos\/cantos-eucaristicos\/te-alabamos\/","og_locale":"it_IT","og_type":"article","og_title":"Te alabamos - Preghiera Paolina","og_description":"Te alabamos, Se\u00f1or, te bendecimos, estamos junto a ti. En el silencio con fe hoy escuchamos tu coraz\u00f3n latir, tu coraz\u00f3n latir. Tus palabras de vida resuenan hoy aqu\u00ed: \u00abYo estar\u00e9 con vosotros, yo estar\u00e9 con vosotros, yo estar\u00e9 con vosotros, venid todos a m\u00ed\u00bb (bis). Tu presencia en nosotros la vida nos dar\u00e1. \u00abYo estar\u00e9&#8230;\u00bb. Te adoramos, cantamos, Se\u00f1or, por siempre a ti. \u00abYo &hellip; Continua a leggere Te alabamos &raquo;","og_url":"https:\/\/www.famigliapaolina.net\/preghierapaolina\/le-preghiere\/cantos\/cantos-eucaristicos\/te-alabamos\/?lang=es","og_site_name":"Preghiera Paolina","article_modified_time":"2022-02-24T10:36:14+00:00","twitter_card":"summary_large_image","schema":{"@context":"https:\/\/schema.org","@graph":[{"@type":"WebSite","@id":"https:\/\/www.famigliapaolina.net\/preghierapaolina\/#website","url":"https:\/\/www.famigliapaolina.net\/preghierapaolina\/","name":"Preghiera Paolina","description":"","potentialAction":[{"@type":"SearchAction","target":{"@type":"EntryPoint","urlTemplate":"https:\/\/www.famigliapaolina.net\/preghierapaolina\/?s={search_term_string}"},"query-input":"required name=search_term_string"}],"inLanguage":"it-IT"},{"@type":"WebPage","@id":"https:\/\/www.famigliapaolina.net\/preghierapaolina\/le-preghiere\/cantos\/cantos-eucaristicos\/te-alabamos\/?lang=es#webpage","url":"https:\/\/www.famigliapaolina.net\/preghierapaolina\/le-preghiere\/cantos\/cantos-eucaristicos\/te-alabamos\/?lang=es","name":"Te alabamos - Preghiera Paolina","isPartOf":{"@id":"https:\/\/www.famigliapaolina.net\/preghierapaolina\/#website"},"datePublished":"2022-02-22T15:45:27+00:00","dateModified":"2022-02-24T10:36:14+00:00","breadcrumb":{"@id":"https:\/\/www.famigliapaolina.net\/preghierapaolina\/le-preghiere\/cantos\/cantos-eucaristicos\/te-alabamos\/?lang=es#breadcrumb"},"inLanguage":"it-IT","potentialAction":[{"@type":"ReadAction","target":["https:\/\/www.famigliapaolina.net\/preghierapaolina\/le-preghiere\/cantos\/cantos-eucaristicos\/te-alabamos\/?lang=es"]}]},{"@type":"BreadcrumbList","@id":"https:\/\/www.famigliapaolina.net\/preghierapaolina\/le-preghiere\/cantos\/cantos-eucaristicos\/te-alabamos\/?lang=es#breadcrumb","itemListElement":[{"@type":"ListItem","position":1,"name":"Home","item":"https:\/\/www.famigliapaolina.net\/preghierapaolina\/"},{"@type":"ListItem","position":2,"name":"Preghiere","item":"https:\/\/www.famigliapaolina.net\/preghierapaolina\/le-preghiere\/"},{"@type":"ListItem","position":3,"name":"CANTOS","item":"https:\/\/www.famigliapaolina.net\/preghierapaolina\/le-preghiere\/cantos\/?lang=es"},{"@type":"ListItem","position":4,"name":"CANTOS EUCAR\u00cdSTICOS","item":"https:\/\/www.famigliapaolina.net\/preghierapaolina\/le-preghiere\/cantos\/cantos-eucaristicos\/?lang=es"},{"@type":"ListItem","position":5,"name":"Te alabamos"}]}]}},"wpml_current_locale":"es_ES","wpml_translations":[],"_links":{"self":[{"href":"https:\/\/www.famigliapaolina.net\/preghierapaolina\/wp-json\/wp\/v2\/le-preghiere\/1905"}],"collection":[{"href":"https:\/\/www.famigliapaolina.net\/preghierapaolina\/wp-json\/wp\/v2\/le-preghiere"}],"about":[{"href":"https:\/\/www.famigliapaolina.net\/preghierapaolina\/wp-json\/wp\/v2\/types\/le-preghiere"}],"up":[{"embeddable":true,"href":"https:\/\/www.famigliapaolina.net\/preghierapaolina\/wp-json\/wp\/v2\/le-preghiere\/1902"}],"wp:attachment":[{"href":"https:\/\/www.famigliapaolina.net\/preghierapaolina\/wp-json\/wp\/v2\/media?parent=1905"}],"wp:term":[{"taxonomy":"pagine","embeddable":true,"href":"https:\/\/www.famigliapaolina.net\/preghierapaolina\/wp-json\/wp\/v2\/pagine?post=1905"}],"curies":[{"name":"wp","href":"https:\/\/api.w.org\/{rel}","templated":true}]}}

<p><span class='pagina-block pagina-345'></p>
<p><em>Te alabamos, Señor, te bendecimos,<br />
estamos junto a ti.<br />
En el silencio con fe hoy escuchamos<br />
tu corazón latir, tu corazón latir.</em></p>
<p>Tus palabras de vida<br />
resuenan hoy aquí:<br />
«Yo estaré con vosotros,<br />
yo estaré con vosotros,<br />
yo estaré con vosotros,<br />
venid todos a mí» (bis).</p>
<p>Tu presencia en nosotros<br />
la vida nos dará.<br />
«Yo estaré&#8230;».<br />
Te adoramos, cantamos,<br />
Señor, por siempre a ti.<br />
«Yo estaré&#8230;».</p>
<p></span> <a href='https://www.famigliapaolina.net/preghierapaolina/pagine/345/' class='go-to-page go-to-page-345'>p. 345</a></p>

<p><em>Te alabamos, Señor, te bendecimos,<br />
estamos junto a ti.<br />
En el silencio con fe hoy escuchamos<br />
tu corazón latir, tu corazón latir.</em></p>
<p>Tus palabras de vida<br />
resuenan hoy aquí:<br />
«Yo estaré con vosotros,<br />
yo estaré con vosotros,<br />
yo estaré con vosotros,<br />
venid todos a mí» (bis).</p>
<p>Tu presencia en nosotros<br />
la vida nos dará.<br />
«Yo estaré&#8230;».<br />
Te adoramos, cantamos,<br />
Señor, por siempre a ti.<br />
«Yo estaré&#8230;».</p>

<!-- This site is optimized with the Yoast SEO plugin v17.6 - https://yoast.com/wordpress/plugins/seo/ -->
<title>Te alabamos - Preghiera Paolina</title>
<meta name="robots" content="index, follow, max-snippet:-1, max-image-preview:large, max-video-preview:-1" />
<link rel="canonical" href="https://www.famigliapaolina.net/preghierapaolina/le-preghiere/cantos/cantos-eucaristicos/te-alabamos/" />
<meta property="og:locale" content="it_IT" />
<meta property="og:type" content="article" />
<meta property="og:title" content="Te alabamos - Preghiera Paolina" />
<meta property="og:description" content="Te alabamos, Señor, te bendecimos, estamos junto a ti. En el silencio con fe hoy escuchamos tu corazón latir, tu corazón latir. Tus palabras de vida resuenan hoy aquí: «Yo estaré con vosotros, yo estaré con vosotros, yo estaré con vosotros, venid todos a mí» (bis). Tu presencia en nosotros la vida nos dará. «Yo estaré&#8230;». Te adoramos, cantamos, Señor, por siempre a ti. «Yo &hellip; Continua a leggere Te alabamos &raquo;" />
<meta property="og:url" content="https://www.famigliapaolina.net/preghierapaolina/le-preghiere/cantos/cantos-eucaristicos/te-alabamos/?lang=es" />
<meta property="og:site_name" content="Preghiera Paolina" />
<meta property="article:modified_time" content="2022-02-24T10:36:14+00:00" />
<meta name="twitter:card" content="summary_large_image" />
<script type="application/ld+json" class="yoast-schema-graph">{"@context":"https://schema.org","@graph":[{"@type":"WebSite","@id":"https://www.famigliapaolina.net/preghierapaolina/#website","url":"https://www.famigliapaolina.net/preghierapaolina/","name":"Preghiera Paolina","description":"","potentialAction":[{"@type":"SearchAction","target":{"@type":"EntryPoint","urlTemplate":"https://www.famigliapaolina.net/preghierapaolina/?s={search_term_string}"},"query-input":"required name=search_term_string"}],"inLanguage":"it-IT"},{"@type":"WebPage","@id":"https://www.famigliapaolina.net/preghierapaolina/le-preghiere/cantos/cantos-eucaristicos/te-alabamos/?lang=es#webpage","url":"https://www.famigliapaolina.net/preghierapaolina/le-preghiere/cantos/cantos-eucaristicos/te-alabamos/?lang=es","name":"Te alabamos - Preghiera Paolina","isPartOf":{"@id":"https://www.famigliapaolina.net/preghierapaolina/#website"},"datePublished":"2022-02-22T15:45:27+00:00","dateModified":"2022-02-24T10:36:14+00:00","breadcrumb":{"@id":"https://www.famigliapaolina.net/preghierapaolina/le-preghiere/cantos/cantos-eucaristicos/te-alabamos/?lang=es#breadcrumb"},"inLanguage":"it-IT","potentialAction":[{"@type":"ReadAction","target":["https://www.famigliapaolina.net/preghierapaolina/le-preghiere/cantos/cantos-eucaristicos/te-alabamos/?lang=es"]}]},{"@type":"BreadcrumbList","@id":"https://www.famigliapaolina.net/preghierapaolina/le-preghiere/cantos/cantos-eucaristicos/te-alabamos/?lang=es#breadcrumb","itemListElement":[{"@type":"ListItem","position":1,"name":"Home","item":"https://www.famigliapaolina.net/preghierapaolina/"},{"@type":"ListItem","position":2,"name":"Preghiere","item":"https://www.famigliapaolina.net/preghierapaolina/le-preghiere/"},{"@type":"ListItem","position":3,"name":"CANTOS","item":"https://www.famigliapaolina.net/preghierapaolina/le-preghiere/cantos/?lang=es"},{"@type":"ListItem","position":4,"name":"CANTOS EUCAR\u00cdSTICOS","item":"https://www.famigliapaolina.net/preghierapaolina/le-preghiere/cantos/cantos-eucaristicos/?lang=es"},{"@type":"ListItem","position":5,"name":"Te alabamos"}]}]}</script>
<!-- / Yoast SEO plugin. -->

Te alabamos, Señor, te bendecimos, estamos junto a ti. En el silencio con fe hoy escuchamos tu corazón latir, tu corazón latir. Tus palabras de vida resuenan hoy aquí: «Yo estaré con vosotros, yo estaré con vosotros, yo estaré con vosotros, venid todos a mí» (bis). Tu presencia en nosotros la vida nos dará. «Yo estaré&#8230;». Te adoramos, cantamos, Señor, por siempre a ti. «Yo &hellip; Continua a leggere Te alabamos &raquo;

CANTOS EUCARÍSTICOS
