{"id":1977,"date":"2022-02-23T11:53:57","date_gmt":"2022-02-23T10:53:57","guid":{"rendered":"https:\/\/www.famigliapaolina.net\/preghierapaolina\/?post_type=le-preghiere&#038;p=1977"},"modified":"2022-02-23T11:53:57","modified_gmt":"2022-02-23T10:53:57","slug":"como-pablo","status":"publish","type":"le-preghiere","link":"https:\/\/www.famigliapaolina.net\/preghierapaolina\/le-preghiere\/cantos\/varios\/como-pablo\/?lang=es","title":{"rendered":"Como Pablo"},"content":{"rendered":"<p><span class='pagina-block pagina-388'><\/p>\n<p><em>Los signos de los tiempos le\u00edste como nadie,<\/em><br \/>\n<em>todo el af\u00e1n de Pablo vibr\u00f3 en tu coraz\u00f3n.<\/em><br \/>\n<em>Tu parroquia fue el mundo,<\/em><br \/>\n<em>tu p\u00falpito, los medios de comunicaci\u00f3n.<\/em><\/p>\n<p>Como Pablo, miraste a lo alto<br \/>\ny alzaste tu vuelo.<br \/>\nComo Pablo, en el diario trabajo<br \/>\nbuscaste el sustento.<br \/>\nComo Pablo, t\u00fa abriste caminos<br \/>\nllegando a otros pueblos.<br \/>\nComo Pablo, desprecio sufriste<br \/>\npor el evangelio.<\/p>\n<p>Como Pablo a su tiempo le hablaba,<br \/>\nle hablaste a tu tiempo.<br \/>\nComo Pablo, le diste a tu mundo<br \/>\nnoticia del Reino.<br \/>\nAquel fuego que a Pablo abrasaba<br \/>\nfue tu mismo fuego,<br \/>\ny el empe\u00f1o y amor con que amaba<br \/>\nfue tu amor y empe\u00f1o.<\/p>\n<p><\/span> <a href='https:\/\/www.famigliapaolina.net\/preghierapaolina\/pagine\/388\/' class='go-to-page go-to-page-388'>p. 388<\/a><\/p>\n","protected":false},"featured_media":0,"parent":1975,"menu_order":1,"template":"","pagine":[320],"acf":{"acf_hide_title":false,"blocco_preghiera":[{"pagina_associata":"388","testo_per_pagina":"<p><em>Los signos de los tiempos le\u00edste como nadie,<\/em><br \/>\n<em>todo el af\u00e1n de Pablo vibr\u00f3 en tu coraz\u00f3n.<\/em><br \/>\n<em>Tu parroquia fue el mundo,<\/em><br \/>\n<em>tu p\u00falpito, los medios de comunicaci\u00f3n.<\/em><\/p>\n<p>Como Pablo, miraste a lo alto<br \/>\ny alzaste tu vuelo.<br \/>\nComo Pablo, en el diario trabajo<br \/>\nbuscaste el sustento.<br \/>\nComo Pablo, t\u00fa abriste caminos<br \/>\nllegando a otros pueblos.<br \/>\nComo Pablo, desprecio sufriste<br \/>\npor el evangelio.<\/p>\n<p>Como Pablo a su tiempo le hablaba,<br \/>\nle hablaste a tu tiempo.<br \/>\nComo Pablo, le diste a tu mundo<br \/>\nnoticia del Reino.<br \/>\nAquel fuego que a Pablo abrasaba<br \/>\nfue tu mismo fuego,<br \/>\ny el empe\u00f1o y amor con que amaba<br \/>\nfue tu amor y empe\u00f1o.<\/p>\n"}],"attachment_list":false,"hide_wp_ba":false},"yoast_head":"<!-- This site is optimized with the Yoast SEO plugin v17.6 - https:\/\/yoast.com\/wordpress\/plugins\/seo\/ -->\n<title>Como Pablo - Preghiera Paolina<\/title>\n<meta name=\"robots\" content=\"index, follow, max-snippet:-1, max-image-preview:large, max-video-preview:-1\" \/>\n<link rel=\"canonical\" href=\"https:\/\/www.famigliapaolina.net\/preghierapaolina\/le-preghiere\/cantos\/varios\/como-pablo\/\" \/>\n<meta property=\"og:locale\" content=\"it_IT\" \/>\n<meta property=\"og:type\" content=\"article\" \/>\n<meta property=\"og:title\" content=\"Como Pablo - Preghiera Paolina\" \/>\n<meta property=\"og:description\" content=\"Los signos de los tiempos le\u00edste como nadie, todo el af\u00e1n de Pablo vibr\u00f3 en tu coraz\u00f3n. Tu parroquia fue el mundo, tu p\u00falpito, los medios de comunicaci\u00f3n. Como Pablo, miraste a lo alto y alzaste tu vuelo. Como Pablo, en el diario trabajo buscaste el sustento. Como Pablo, t\u00fa abriste caminos llegando a otros pueblos. Como Pablo, desprecio sufriste por el evangelio. Como Pablo &hellip; Continua a leggere Como Pablo &raquo;\" \/>\n<meta property=\"og:url\" content=\"https:\/\/www.famigliapaolina.net\/preghierapaolina\/le-preghiere\/cantos\/varios\/como-pablo\/?lang=es\" \/>\n<meta property=\"og:site_name\" content=\"Preghiera Paolina\" \/>\n<meta name=\"twitter:card\" content=\"summary_large_image\" \/>\n<meta name=\"twitter:label1\" content=\"Tempo di lettura stimato\" \/>\n\t<meta name=\"twitter:data1\" content=\"1 minuto\" \/>\n<script type=\"application\/ld+json\" class=\"yoast-schema-graph\">{\"@context\":\"https:\/\/schema.org\",\"@graph\":[{\"@type\":\"WebSite\",\"@id\":\"https:\/\/www.famigliapaolina.net\/preghierapaolina\/#website\",\"url\":\"https:\/\/www.famigliapaolina.net\/preghierapaolina\/\",\"name\":\"Preghiera Paolina\",\"description\":\"\",\"potentialAction\":[{\"@type\":\"SearchAction\",\"target\":{\"@type\":\"EntryPoint\",\"urlTemplate\":\"https:\/\/www.famigliapaolina.net\/preghierapaolina\/?s={search_term_string}\"},\"query-input\":\"required name=search_term_string\"}],\"inLanguage\":\"it-IT\"},{\"@type\":\"WebPage\",\"@id\":\"https:\/\/www.famigliapaolina.net\/preghierapaolina\/le-preghiere\/cantos\/varios\/como-pablo\/?lang=es#webpage\",\"url\":\"https:\/\/www.famigliapaolina.net\/preghierapaolina\/le-preghiere\/cantos\/varios\/como-pablo\/?lang=es\",\"name\":\"Como Pablo - Preghiera Paolina\",\"isPartOf\":{\"@id\":\"https:\/\/www.famigliapaolina.net\/preghierapaolina\/#website\"},\"datePublished\":\"2022-02-23T10:53:57+00:00\",\"dateModified\":\"2022-02-23T10:53:57+00:00\",\"breadcrumb\":{\"@id\":\"https:\/\/www.famigliapaolina.net\/preghierapaolina\/le-preghiere\/cantos\/varios\/como-pablo\/?lang=es#breadcrumb\"},\"inLanguage\":\"it-IT\",\"potentialAction\":[{\"@type\":\"ReadAction\",\"target\":[\"https:\/\/www.famigliapaolina.net\/preghierapaolina\/le-preghiere\/cantos\/varios\/como-pablo\/?lang=es\"]}]},{\"@type\":\"BreadcrumbList\",\"@id\":\"https:\/\/www.famigliapaolina.net\/preghierapaolina\/le-preghiere\/cantos\/varios\/como-pablo\/?lang=es#breadcrumb\",\"itemListElement\":[{\"@type\":\"ListItem\",\"position\":1,\"name\":\"Home\",\"item\":\"https:\/\/www.famigliapaolina.net\/preghierapaolina\/\"},{\"@type\":\"ListItem\",\"position\":2,\"name\":\"Preghiere\",\"item\":\"https:\/\/www.famigliapaolina.net\/preghierapaolina\/le-preghiere\/\"},{\"@type\":\"ListItem\",\"position\":3,\"name\":\"CANTOS\",\"item\":\"https:\/\/www.famigliapaolina.net\/preghierapaolina\/le-preghiere\/cantos\/?lang=es\"},{\"@type\":\"ListItem\",\"position\":4,\"name\":\"VARIOS\",\"item\":\"https:\/\/www.famigliapaolina.net\/preghierapaolina\/le-preghiere\/cantos\/varios\/?lang=es\"},{\"@type\":\"ListItem\",\"position\":5,\"name\":\"Como Pablo\"}]}]}<\/script>\n<!-- \/ Yoast SEO plugin. -->","yoast_head_json":{"title":"Como Pablo - Preghiera Paolina","robots":{"index":"index","follow":"follow","max-snippet":"max-snippet:-1","max-image-preview":"max-image-preview:large","max-video-preview":"max-video-preview:-1"},"canonical":"https:\/\/www.famigliapaolina.net\/preghierapaolina\/le-preghiere\/cantos\/varios\/como-pablo\/","og_locale":"it_IT","og_type":"article","og_title":"Como Pablo - Preghiera Paolina","og_description":"Los signos de los tiempos le\u00edste como nadie, todo el af\u00e1n de Pablo vibr\u00f3 en tu coraz\u00f3n. Tu parroquia fue el mundo, tu p\u00falpito, los medios de comunicaci\u00f3n. Como Pablo, miraste a lo alto y alzaste tu vuelo. Como Pablo, en el diario trabajo buscaste el sustento. Como Pablo, t\u00fa abriste caminos llegando a otros pueblos. Como Pablo, desprecio sufriste por el evangelio. Como Pablo &hellip; Continua a leggere Como Pablo &raquo;","og_url":"https:\/\/www.famigliapaolina.net\/preghierapaolina\/le-preghiere\/cantos\/varios\/como-pablo\/?lang=es","og_site_name":"Preghiera Paolina","twitter_card":"summary_large_image","twitter_misc":{"Tempo di lettura stimato":"1 minuto"},"schema":{"@context":"https:\/\/schema.org","@graph":[{"@type":"WebSite","@id":"https:\/\/www.famigliapaolina.net\/preghierapaolina\/#website","url":"https:\/\/www.famigliapaolina.net\/preghierapaolina\/","name":"Preghiera Paolina","description":"","potentialAction":[{"@type":"SearchAction","target":{"@type":"EntryPoint","urlTemplate":"https:\/\/www.famigliapaolina.net\/preghierapaolina\/?s={search_term_string}"},"query-input":"required name=search_term_string"}],"inLanguage":"it-IT"},{"@type":"WebPage","@id":"https:\/\/www.famigliapaolina.net\/preghierapaolina\/le-preghiere\/cantos\/varios\/como-pablo\/?lang=es#webpage","url":"https:\/\/www.famigliapaolina.net\/preghierapaolina\/le-preghiere\/cantos\/varios\/como-pablo\/?lang=es","name":"Como Pablo - Preghiera Paolina","isPartOf":{"@id":"https:\/\/www.famigliapaolina.net\/preghierapaolina\/#website"},"datePublished":"2022-02-23T10:53:57+00:00","dateModified":"2022-02-23T10:53:57+00:00","breadcrumb":{"@id":"https:\/\/www.famigliapaolina.net\/preghierapaolina\/le-preghiere\/cantos\/varios\/como-pablo\/?lang=es#breadcrumb"},"inLanguage":"it-IT","potentialAction":[{"@type":"ReadAction","target":["https:\/\/www.famigliapaolina.net\/preghierapaolina\/le-preghiere\/cantos\/varios\/como-pablo\/?lang=es"]}]},{"@type":"BreadcrumbList","@id":"https:\/\/www.famigliapaolina.net\/preghierapaolina\/le-preghiere\/cantos\/varios\/como-pablo\/?lang=es#breadcrumb","itemListElement":[{"@type":"ListItem","position":1,"name":"Home","item":"https:\/\/www.famigliapaolina.net\/preghierapaolina\/"},{"@type":"ListItem","position":2,"name":"Preghiere","item":"https:\/\/www.famigliapaolina.net\/preghierapaolina\/le-preghiere\/"},{"@type":"ListItem","position":3,"name":"CANTOS","item":"https:\/\/www.famigliapaolina.net\/preghierapaolina\/le-preghiere\/cantos\/?lang=es"},{"@type":"ListItem","position":4,"name":"VARIOS","item":"https:\/\/www.famigliapaolina.net\/preghierapaolina\/le-preghiere\/cantos\/varios\/?lang=es"},{"@type":"ListItem","position":5,"name":"Como Pablo"}]}]}},"wpml_current_locale":"es_ES","wpml_translations":[],"_links":{"self":[{"href":"https:\/\/www.famigliapaolina.net\/preghierapaolina\/wp-json\/wp\/v2\/le-preghiere\/1977"}],"collection":[{"href":"https:\/\/www.famigliapaolina.net\/preghierapaolina\/wp-json\/wp\/v2\/le-preghiere"}],"about":[{"href":"https:\/\/www.famigliapaolina.net\/preghierapaolina\/wp-json\/wp\/v2\/types\/le-preghiere"}],"up":[{"embeddable":true,"href":"https:\/\/www.famigliapaolina.net\/preghierapaolina\/wp-json\/wp\/v2\/le-preghiere\/1975"}],"wp:attachment":[{"href":"https:\/\/www.famigliapaolina.net\/preghierapaolina\/wp-json\/wp\/v2\/media?parent=1977"}],"wp:term":[{"taxonomy":"pagine","embeddable":true,"href":"https:\/\/www.famigliapaolina.net\/preghierapaolina\/wp-json\/wp\/v2\/pagine?post=1977"}],"curies":[{"name":"wp","href":"https:\/\/api.w.org\/{rel}","templated":true}]}}

<p><span class='pagina-block pagina-388'></p>
<p><em>Los signos de los tiempos leíste como nadie,</em><br />
<em>todo el afán de Pablo vibró en tu corazón.</em><br />
<em>Tu parroquia fue el mundo,</em><br />
<em>tu púlpito, los medios de comunicación.</em></p>
<p>Como Pablo, miraste a lo alto<br />
y alzaste tu vuelo.<br />
Como Pablo, en el diario trabajo<br />
buscaste el sustento.<br />
Como Pablo, tú abriste caminos<br />
llegando a otros pueblos.<br />
Como Pablo, desprecio sufriste<br />
por el evangelio.</p>
<p>Como Pablo a su tiempo le hablaba,<br />
le hablaste a tu tiempo.<br />
Como Pablo, le diste a tu mundo<br />
noticia del Reino.<br />
Aquel fuego que a Pablo abrasaba<br />
fue tu mismo fuego,<br />
y el empeño y amor con que amaba<br />
fue tu amor y empeño.</p>
<p></span> <a href='https://www.famigliapaolina.net/preghierapaolina/pagine/388/' class='go-to-page go-to-page-388'>p. 388</a></p>

<p><em>Los signos de los tiempos leíste como nadie,</em><br />
<em>todo el afán de Pablo vibró en tu corazón.</em><br />
<em>Tu parroquia fue el mundo,</em><br />
<em>tu púlpito, los medios de comunicación.</em></p>
<p>Como Pablo, miraste a lo alto<br />
y alzaste tu vuelo.<br />
Como Pablo, en el diario trabajo<br />
buscaste el sustento.<br />
Como Pablo, tú abriste caminos<br />
llegando a otros pueblos.<br />
Como Pablo, desprecio sufriste<br />
por el evangelio.</p>
<p>Como Pablo a su tiempo le hablaba,<br />
le hablaste a tu tiempo.<br />
Como Pablo, le diste a tu mundo<br />
noticia del Reino.<br />
Aquel fuego que a Pablo abrasaba<br />
fue tu mismo fuego,<br />
y el empeño y amor con que amaba<br />
fue tu amor y empeño.</p>

<!-- This site is optimized with the Yoast SEO plugin v17.6 - https://yoast.com/wordpress/plugins/seo/ -->
<title>Como Pablo - Preghiera Paolina</title>
<meta name="robots" content="index, follow, max-snippet:-1, max-image-preview:large, max-video-preview:-1" />
<link rel="canonical" href="https://www.famigliapaolina.net/preghierapaolina/le-preghiere/cantos/varios/como-pablo/" />
<meta property="og:locale" content="it_IT" />
<meta property="og:type" content="article" />
<meta property="og:title" content="Como Pablo - Preghiera Paolina" />
<meta property="og:description" content="Los signos de los tiempos leíste como nadie, todo el afán de Pablo vibró en tu corazón. Tu parroquia fue el mundo, tu púlpito, los medios de comunicación. Como Pablo, miraste a lo alto y alzaste tu vuelo. Como Pablo, en el diario trabajo buscaste el sustento. Como Pablo, tú abriste caminos llegando a otros pueblos. Como Pablo, desprecio sufriste por el evangelio. Como Pablo &hellip; Continua a leggere Como Pablo &raquo;" />
<meta property="og:url" content="https://www.famigliapaolina.net/preghierapaolina/le-preghiere/cantos/varios/como-pablo/?lang=es" />
<meta property="og:site_name" content="Preghiera Paolina" />
<meta name="twitter:card" content="summary_large_image" />
<meta name="twitter:label1" content="Tempo di lettura stimato" />
	<meta name="twitter:data1" content="1 minuto" />
<script type="application/ld+json" class="yoast-schema-graph">{"@context":"https://schema.org","@graph":[{"@type":"WebSite","@id":"https://www.famigliapaolina.net/preghierapaolina/#website","url":"https://www.famigliapaolina.net/preghierapaolina/","name":"Preghiera Paolina","description":"","potentialAction":[{"@type":"SearchAction","target":{"@type":"EntryPoint","urlTemplate":"https://www.famigliapaolina.net/preghierapaolina/?s={search_term_string}"},"query-input":"required name=search_term_string"}],"inLanguage":"it-IT"},{"@type":"WebPage","@id":"https://www.famigliapaolina.net/preghierapaolina/le-preghiere/cantos/varios/como-pablo/?lang=es#webpage","url":"https://www.famigliapaolina.net/preghierapaolina/le-preghiere/cantos/varios/como-pablo/?lang=es","name":"Como Pablo - Preghiera Paolina","isPartOf":{"@id":"https://www.famigliapaolina.net/preghierapaolina/#website"},"datePublished":"2022-02-23T10:53:57+00:00","dateModified":"2022-02-23T10:53:57+00:00","breadcrumb":{"@id":"https://www.famigliapaolina.net/preghierapaolina/le-preghiere/cantos/varios/como-pablo/?lang=es#breadcrumb"},"inLanguage":"it-IT","potentialAction":[{"@type":"ReadAction","target":["https://www.famigliapaolina.net/preghierapaolina/le-preghiere/cantos/varios/como-pablo/?lang=es"]}]},{"@type":"BreadcrumbList","@id":"https://www.famigliapaolina.net/preghierapaolina/le-preghiere/cantos/varios/como-pablo/?lang=es#breadcrumb","itemListElement":[{"@type":"ListItem","position":1,"name":"Home","item":"https://www.famigliapaolina.net/preghierapaolina/"},{"@type":"ListItem","position":2,"name":"Preghiere","item":"https://www.famigliapaolina.net/preghierapaolina/le-preghiere/"},{"@type":"ListItem","position":3,"name":"CANTOS","item":"https://www.famigliapaolina.net/preghierapaolina/le-preghiere/cantos/?lang=es"},{"@type":"ListItem","position":4,"name":"VARIOS","item":"https://www.famigliapaolina.net/preghierapaolina/le-preghiere/cantos/varios/?lang=es"},{"@type":"ListItem","position":5,"name":"Como Pablo"}]}]}</script>
<!-- / Yoast SEO plugin. -->

Los signos de los tiempos leíste como nadie, todo el afán de Pablo vibró en tu corazón. Tu parroquia fue el mundo, tu púlpito, los medios de comunicación. Como Pablo, miraste a lo alto y alzaste tu vuelo. Como Pablo, en el diario trabajo buscaste el sustento. Como Pablo, tú abriste caminos llegando a otros pueblos. Como Pablo, desprecio sufriste por el evangelio. Como Pablo &hellip; Continua a leggere Como Pablo &raquo;
